000
CDUS43 KAPX 230550
CLIANJ


CLIMATE REPORT
NATIONAL WEATHER SERVICE GAYLORD MI
150 AM EDT MON APR 23 2018


...................................

...THE SAULT STE MARIE MI CLIMATE SUMMARY FOR APRIL 22 2018...

CLIMATE NORMAL PERIOD 1981 TO 2010
CLIMATE RECORD PERIOD 1888 TO 2018


WEATHER ITEM   OBSERVED TIME   RECORD YEAR NORMAL DEPARTURE LAST
                VALUE   (LST)  VALUE       VALUE  FROM      YEAR
                                                  NORMAL
..................................................................
TEMPERATURE (F)
 YESTERDAY
  MAXIMUM         60    438 PM  82    1985  53      7       63
  MINIMUM         29    624 AM  20    1986  34     -5       31
                                      1982
                                      1950
  AVERAGE         45                        44      1       47

PRECIPITATION (IN)
  YESTERDAY        0.00          0.60 1921   0.07  -0.07     0.00
  MONTH TO DATE    2.27                      1.79   0.48     2.40
  SINCE MAR 1      3.54                      3.74  -0.20     4.35
  SINCE JAN 1      7.02                      7.27  -0.25    10.31

SNOWFALL (IN)
  YESTERDAY        0.0           3.2  1972   0.2   -0.2      0.0
  MONTH TO DATE   27.4                       5.9   21.5      0.5
  SINCE OCT 1    127.8                     119.5    8.3    137.4
  SINCE JUL 1    127.8                     119.5    8.3    137.4
  SNOW DEPTH      12

DEGREE DAYS
 HEATING
  YESTERDAY       20                        22     -2       18
  MONTH TO DATE  763                       584    179      496
  SINCE MAR 1   1944                      1784    160     1694
  SINCE JUL 1   7771                      7910   -139     6568

 COOLING
  YESTERDAY        0                         0      0        0
  MONTH TO DATE    0                         0      0        0
  SINCE MAR 1      0                         0      0        0
  SINCE JAN 1      0                         0      0        0
..................................................................


WIND (MPH)
  HIGHEST WIND SPEED    10   HIGHEST WIND DIRECTION    SE (150)
  HIGHEST GUST SPEED    13   HIGHEST GUST DIRECTION    SE (150)
  AVERAGE WIND SPEED     3.5




RELATIVE HUMIDITY (PERCENT)
 HIGHEST    69
 LOWEST     19
 AVERAGE    44

..........................................................


THE SAULT STE MARIE MI CLIMATE NORMALS FOR TODAY
                         NORMAL    RECORD    YEAR
 MAXIMUM TEMPERATURE (F)   54        76      1913
 MINIMUM TEMPERATURE (F)   34        20      1986
                                             1956
                                             1930


SUNRISE AND SUNSET
APRIL 23 2018.........SUNRISE   636 AM EDT   SUNSET   836 PM EDT
APRIL 24 2018.........SUNRISE   635 AM EDT   SUNSET   837 PM EDT


-  INDICATES NEGATIVE NUMBERS.
R  INDICATES RECORD WAS SET OR TIED.
MM INDICATES DATA IS MISSING.
T  INDICATES TRACE AMOUNT.




$$
