000
CDUS44 KLCH 241420
CLIARA


CLIMATE REPORT
NATIONAL WEATHER SERVICE LAKE CHARLES, LA
920 AM CDT THU MAY 24 2018


...................................

...THE NEW IBERIA CLIMATE SUMMARY FOR MAY 23 2018...

CLIMATE NORMAL PERIOD 1981 TO 2010
CLIMATE RECORD PERIOD 1948 TO 2018


WEATHER ITEM   OBSERVED TIME   RECORD YEAR NORMAL DEPARTURE LAST
                VALUE   (LST)  VALUE       VALUE  FROM      YEAR
                                                  NORMAL
..................................................................
TEMPERATURE (F)
 YESTERDAY
  MAXIMUM         94    154 PM  97    2005  87      7       84
  MINIMUM         70   1140 PM  51    2001  69      1       71
  AVERAGE         82                        78      4       78

PRECIPITATION (IN)
  YESTERDAY        1.18          2.61 1991   0.21   0.97     0.00
  MONTH TO DATE    2.83                      3.06  -0.23     6.92
  SINCE MAR 1      8.69                     10.90  -2.21    12.71
  SINCE JAN 1     18.20                     20.31  -2.11    15.51

SNOWFALL (IN)
  YESTERDAY        0.0           0.0    MM  MM               0.0
  MONTH TO DATE    0.0                      MM               0.0
  SINCE MAR 1      0.0                      MM               0.0
  SINCE JUL 1      2.4                      MM               0.0

DEGREE DAYS
 HEATING
  YESTERDAY        0                         0      0        0
  MONTH TO DATE    0                         0      0        4
  SINCE MAR 1    175                       192    -17       87
  SINCE JUL 1   1358                      1408    -50      716

 COOLING
  YESTERDAY       17                        13      4       13
  MONTH TO DATE  313                       240     73      191
  SINCE MAR 1    471                       429     42      523
  SINCE JAN 1    594                       460    134      658
..................................................................


WIND (MPH)
  RESULTANT WIND SPEED   2   RESULTANT WIND DIRECTION   E (100)
  HIGHEST WIND SPEED    31   HIGHEST WIND DIRECTION     E (90)
  HIGHEST GUST SPEED    39   HIGHEST GUST DIRECTION     E (80)
  AVERAGE WIND SPEED     5.9


SKY COVER
  POSSIBLE SUNSHINE  MM
  AVERAGE SKY COVER 0.1


WEATHER CONDITIONS
 THE FOLLOWING WEATHER WAS RECORDED YESTERDAY.
  THUNDERSTORM
  HEAVY RAIN
  RAIN
  LIGHT RAIN
  FOG


RELATIVE HUMIDITY (PERCENT)
 HIGHEST    87           100 AM
 LOWEST     34           400 PM
 AVERAGE    61

..........................................................


THE NEW IBERIA CLIMATE NORMALS FOR TODAY
                         NORMAL    RECORD    YEAR
 MAXIMUM TEMPERATURE (F)   87        95      2005
 MINIMUM TEMPERATURE (F)   69        56      1967


SUNRISE AND SUNSET
MAY 24 2018...........SUNRISE   609 AM CDT   SUNSET   800 PM CDT
MAY 25 2018...........SUNRISE   609 AM CDT   SUNSET   800 PM CDT


-  INDICATES NEGATIVE NUMBERS.
R  INDICATES RECORD WAS SET OR TIED.
MM INDICATES DATA IS MISSING.
T  INDICATES TRACE AMOUNT.




$$
