000
CDUS41 KGYX 260833
CLIAUG


CLIMATE REPORT
NATIONAL WEATHER SERVICE GRAY ME
423 AM EDT THU APR 26 2018


...................................

...THE AUGUSTA CLIMATE SUMMARY FOR APRIL 25 2018...

CLIMATE NORMAL PERIOD 1981 TO 2010
CLIMATE RECORD PERIOD 1948 TO 2018


WEATHER ITEM   OBSERVED TIME   RECORD YEAR NORMAL DEPARTURE LAST
                VALUE   (LST)  VALUE       VALUE  FROM      YEAR
                                                  NORMAL
..................................................................
TEMPERATURE (F)
 YESTERDAY
  MAXIMUM         56   1245 PM  78    2009  58     -2       51
  MINIMUM         47    327 AM  27    2004  38      9       39
  AVERAGE         52                        48      4       45

PRECIPITATION (IN)
  YESTERDAY        0.94          2.02 1968   0.13   0.81     0.17
  MONTH TO DATE    3.25                      3.14   0.11     2.75
  SINCE MAR 1      5.80                      6.51  -0.71     6.24
  SINCE JAN 1     12.79                     11.55   1.24    12.72

DEGREE DAYS
 HEATING
  YESTERDAY       13                        17     -4       20
  MONTH TO DATE  638                       554     84      504
  SINCE MAR 1   1636                      1580     56     1696
  SINCE JUL 1   6622                      6923   -301     6508

 COOLING
  YESTERDAY        0                         0      0        0
  MONTH TO DATE    0                         0      0        0
  SINCE MAR 1      0                         0      0        0
  SINCE JAN 1      0                         0      0        0
..................................................................


WIND (MPH)
  HIGHEST WIND SPEED    15   HIGHEST WIND DIRECTION     S (180)
  HIGHEST GUST SPEED    21   HIGHEST GUST DIRECTION     S (180)
  AVERAGE WIND SPEED     8.1


SKY COVER
  AVERAGE SKY COVER 0.7


WEATHER CONDITIONS
 THE FOLLOWING WEATHER WAS RECORDED YESTERDAY.
  RAIN
  LIGHT RAIN
  FOG
  HAZE


RELATIVE HUMIDITY (PERCENT)
 HIGHEST   100           500 PM
 LOWEST     56          1200 AM
 AVERAGE    78

..........................................................


THE AUGUSTA CLIMATE NORMALS FOR TODAY
                         NORMAL    RECORD    YEAR
 MAXIMUM TEMPERATURE (F)   58        74      2009
 MINIMUM TEMPERATURE (F)   38        30      2016
                                             1966


SUNRISE AND SUNSET
APRIL 26 2018.........SUNRISE   538 AM EDT   SUNSET   737 PM EDT
APRIL 27 2018.........SUNRISE   536 AM EDT   SUNSET   738 PM EDT


-  INDICATES NEGATIVE NUMBERS.
R  INDICATES RECORD WAS SET OR TIED.
MM INDICATES DATA IS MISSING.
T  INDICATES TRACE AMOUNT.




$$
