000
CDAK48 PAFC 211256
CLIBET


CLIMATE REPORT
NATIONAL WEATHER SERVICE ANCHORAGE, AK
455 AM AKDT SAT APR 21 2018


...................................

...THE BETHEL CLIMATE SUMMARY FOR APRIL 20 2018...

CLIMATE NORMAL PERIOD 1981 TO 2010
CLIMATE RECORD PERIOD 1948 TO 2018


WEATHER ITEM   OBSERVED TIME   RECORD YEAR NORMAL DEPARTURE LAST
                VALUE   (LST)  VALUE       VALUE  FROM      YEAR
                                                  NORMAL
..................................................................
TEMPERATURE (F)
 YESTERDAY
  MAXIMUM         42        MM  57    1951  37      5       47
  MINIMUM         29        MM -11    1924  22      7       26
  AVERAGE         36                        29      7       37

PRECIPITATION (IN)
  YESTERDAY        0.00          0.48 1979   0.02  -0.02     0.00
  MONTH TO DATE    0.42                      0.46  -0.04     0.11
  SINCE MAR 1      0.93                      1.17  -0.24     0.41
  SINCE JAN 1      2.70                      2.67   0.03     2.30

SNOWFALL (IN)
  YESTERDAY        0.0           1.9  2002   0.2   -0.2      0.0
  MONTH TO DATE    0.2                       4.4   -4.2      0.9
  SINCE MAR 1      5.3                      12.6   -7.3      3.8
  SINCE JUL 1     34.9                      58.4  -23.5     31.2
  SNOW DEPTH       T

DEGREE DAYS
 HEATING
  YESTERDAY       29                        36     -7       28
  MONTH TO DATE  681                       817   -136      634
  SINCE MAR 1   1991                      2361   -370     2459
  SINCE JUL 1   9244                     11099  -1855    10719

 COOLING
  YESTERDAY        0                         0      0        0
  MONTH TO DATE    0                         0      0        0
  SINCE MAR 1      0                         0      0        0
  SINCE JAN 1      0                         0      0        0
..................................................................


WIND (MPH)
  RESULTANT WIND SPEED   6   RESULTANT WIND DIRECTION   N (20)
  HIGHEST WIND SPEED    13   HIGHEST WIND DIRECTION     N (10)
  HIGHEST GUST SPEED    MM   HIGHEST GUST DIRECTION    MM
  AVERAGE WIND SPEED     6.9



WEATHER CONDITIONS
 THE FOLLOWING WEATHER WAS RECORDED YESTERDAY.
  NO SIGNIFICANT WEATHER WAS OBSERVED.


RELATIVE HUMIDITY (PERCENT)
 HIGHEST    85
 LOWEST     39
 AVERAGE    62

..........................................................


THE BETHEL CLIMATE NORMALS FOR TODAY
                         NORMAL    RECORD    YEAR
 MAXIMUM TEMPERATURE (F)   38        58      2016
 MINIMUM TEMPERATURE (F)   22       -22      1924


SUNRISE AND SUNSET
APRIL 21 2018.........SUNRISE   709 AM AKDT  SUNSET  1024 PM AKDT
APRIL 22 2018.........SUNRISE   706 AM AKDT  SUNSET  1027 PM AKDT


-  INDICATES NEGATIVE NUMBERS.
R  INDICATES RECORD WAS SET OR TIED.
MM INDICATES DATA IS MISSING.
T  INDICATES TRACE AMOUNT.




$$
