000
CDUS41 KCTP 202131
CLIBFD


CLIMATE REPORT
NATIONAL WEATHER SERVICE STATE COLLEGE PA
531 PM EDT FRI APR 20 2018


...................................

...THE BRADFORD CLIMATE SUMMARY FOR APRIL 20 2018...
VALID TODAY AS OF 0500 PM LOCAL TIME.

CLIMATE NORMAL PERIOD 1981 TO 2010
CLIMATE RECORD PERIOD 1957 TO 2018


WEATHER ITEM   OBSERVED TIME   RECORD YEAR NORMAL DEPARTURE LAST
                VALUE   (LST)  VALUE       VALUE  FROM      YEAR
                                                  NORMAL
..................................................................
TEMPERATURE (F)
 TODAY
  MAXIMUM         43    359 PM  80    1987  57    -14       71
  MINIMUM         26    651 AM  19    1974  34     -8       54
  AVERAGE         35                        45    -10       63

PRECIPITATION (IN)
  TODAY            0.00          1.13 2017   0.11  -0.11     1.13
  MONTH TO DATE    2.79                      2.39   0.40     4.07
  SINCE MAR 1      5.17                      5.76  -0.59     7.81
  SINCE JAN 1     12.18                     11.40   0.78    14.89

DEGREE DAYS
 HEATING
  TODAY           30                        15     15        2
  MONTH TO DATE  596                       360    236      319
  SINCE MAR 1   1731                      1397    334     1386
  SINCE JUL 1   6827                      6967   -140     5969

 COOLING
  TODAY            0                         0      0        0
  MONTH TO DATE    0                         0      0        1
  SINCE MAR 1      0                         0      0        1
  SINCE JAN 1      0                         0      0        1
..................................................................


WIND (MPH)
  HIGHEST WIND SPEED    20   HIGHEST WIND DIRECTION    NW (330)
  HIGHEST GUST SPEED    26   HIGHEST GUST DIRECTION    NW (320)
  AVERAGE WIND SPEED    13.5


SKY COVER
  POSSIBLE SUNSHINE  MM
  AVERAGE SKY COVER 0.3


WEATHER CONDITIONS
 THE FOLLOWING WEATHER WAS RECORDED TODAY.
  NO SIGNIFICANT WEATHER WAS OBSERVED.


RELATIVE HUMIDITY (PERCENT)
 HIGHEST    75           300 AM
 LOWEST     49           200 PM
 AVERAGE    62

..........................................................


THE BRADFORD CLIMATE NORMALS FOR TOMORROW
                         NORMAL    RECORD    YEAR
 MAXIMUM TEMPERATURE (F)   58        82      1987
 MINIMUM TEMPERATURE (F)   34        13      1981


SUNRISE AND SUNSET
APRIL 20 2018.........SUNRISE   627 AM EDT   SUNSET   801 PM EDT
APRIL 21 2018.........SUNRISE   625 AM EDT   SUNSET   802 PM EDT


-  INDICATES NEGATIVE NUMBERS.
R  INDICATES RECORD WAS SET OR TIED.
MM INDICATES DATA IS MISSING.
T  INDICATES TRACE AMOUNT.




$$
