000
CDUS43 KBIS 240731
CLIBIS


CLIMATE REPORT
NATIONAL WEATHER SERVICE BISMARCK ND
231 AM CDT TUE APR 24 2018


...................................

...THE BISMARCK ND CLIMATE SUMMARY FOR APRIL 23 2018...

CLIMATE NORMAL PERIOD 1981 TO 2010
CLIMATE RECORD PERIOD 1875 TO 2018


WEATHER ITEM   OBSERVED TIME   RECORD YEAR NORMAL DEPARTURE LAST
                VALUE   (LST)  VALUE       VALUE  FROM      YEAR
                                                  NORMAL
..................................................................
TEMPERATURE (F)
 YESTERDAY
  MAXIMUM         66    109 PM  84    2012  61      5       41
                                      1895
  MINIMUM         36    623 AM  12    2013  34      2       32
  AVERAGE         51                        47      4       37

PRECIPITATION (IN)
  YESTERDAY        0.04          1.80 1880   0.04   0.00     0.00
  MONTH TO DATE    0.31                      0.88  -0.57     0.83
  SINCE MAR 1      1.88                      1.75   0.13     1.35
  SINCE JAN 1      2.63                      2.69  -0.06     2.75

SNOWFALL (IN)
  YESTERDAY        0.0           5.8  1961   0.1   -0.1      0.0
  MONTH TO DATE    5.3                       3.7    1.6      0.0
  SINCE MAR 1     26.3                      12.8   13.5      8.7
  SINCE JUL 1     44.1                      50.3   -6.2     71.6
  SNOW DEPTH       0

DEGREE DAYS
 HEATING
  YESTERDAY       14                        18     -4       28
  MONTH TO DATE  770                       522    248      415
  SINCE MAR 1   1957                      1610    347     1458
  SINCE JUL 1   8273                      8041    232     7460

 COOLING
  YESTERDAY        0                         0      0        0
  MONTH TO DATE    0                         0      0        0
  SINCE MAR 1      0                         0      0        0
  SINCE JAN 1      0                         0      0        0
..................................................................


WIND (MPH)
  HIGHEST WIND SPEED    26   HIGHEST WIND DIRECTION     N (10)
  HIGHEST GUST SPEED    35   HIGHEST GUST DIRECTION     N (20)
  AVERAGE WIND SPEED    13.6


SKY COVER
  POSSIBLE SUNSHINE  MM
  AVERAGE SKY COVER 0.5


WEATHER CONDITIONS
 THE FOLLOWING WEATHER WAS RECORDED YESTERDAY.
  LIGHT RAIN


RELATIVE HUMIDITY (PERCENT)
 HIGHEST    92           400 AM
 LOWEST     28          1200 PM
 AVERAGE    60

..........................................................


THE BISMARCK ND CLIMATE NORMALS FOR TODAY
                         NORMAL    RECORD    YEAR
 MAXIMUM TEMPERATURE (F)   61        91      1962
 MINIMUM TEMPERATURE (F)   34        19      1934
                                             1919


SUNRISE AND SUNSET
APRIL 24 2018.........SUNRISE   639 AM CDT   SUNSET   844 PM CDT
APRIL 25 2018.........SUNRISE   638 AM CDT   SUNSET   845 PM CDT


-  INDICATES NEGATIVE NUMBERS.
R  INDICATES RECORD WAS SET OR TIED.
MM INDICATES DATA IS MISSING.
T  INDICATES TRACE AMOUNT.




$$
