000
CDUS43 KGRR 200519
CLIBIV


CLIMATE REPORT
NATIONAL WEATHER SERVICE GRAND RAPIDS, MI
119 AM EDT FRI APR 20 2018


...................................

...THE HOLLAND/TULIP CITY MI CLIMATE SUMMARY FOR APRIL 19 2018...

CLIMATE NORMAL PERIOD 1981 TO 2010
CLIMATE RECORD PERIOD 1996 TO 2018


WEATHER ITEM   OBSERVED TIME   NORMAL DEPARTURE LAST
                VALUE   (LST)  VALUE  FROM      YEAR
                                      NORMAL
......................................................
TEMPERATURE (F)
 YESTERDAY
  MAXIMUM         46    434 PM  60    -14       69
  MINIMUM         30   1158 PM  40    -10       45
  AVERAGE         38            50    -12       57

PRECIPITATION (IN)
  YESTERDAY        0.01          0.11  -0.10     0.14
  MONTH TO DATE    2.75          1.82   0.93     3.31
  SINCE MAR 1      3.58          4.09  -0.51     6.42
  SINCE JAN 1      9.20          7.98   1.22    11.08

DEGREE DAYS
 HEATING
  YESTERDAY       27            15     12        8
  MONTH TO DATE  566           358    208      286
  SINCE MAR 1   1497          1232    265     1169
  SINCE JUL 1   6004          5732    272     5031

 COOLING
  YESTERDAY        0             0      0        0
  MONTH TO DATE    0             0      0        2
  SINCE MAR 1      0             0      0        2
  SINCE JAN 1      0             0      0        2
......................................................


WIND (MPH)
  RESULTANT WIND SPEED   9   RESULTANT WIND DIRECTION  NW (320)
  HIGHEST WIND SPEED    20   HIGHEST WIND DIRECTION    NW (310)
  HIGHEST GUST SPEED    27   HIGHEST GUST DIRECTION    NW (300)
  AVERAGE WIND SPEED     8.5


SKY COVER
  AVERAGE SKY COVER 0.1


WEATHER CONDITIONS
 THE FOLLOWING WEATHER WAS RECORDED YESTERDAY.
  LIGHT SNOW
  FOG


RELATIVE HUMIDITY (PERCENT)
 HIGHEST    96           100 AM
 LOWEST     41           800 PM
 AVERAGE    69

..........................................................


THE HOLLAND/TULIP CITY MI CLIMATE NORMALS FOR TODAY
                         NORMAL
 MAXIMUM TEMPERATURE (F)   60
 MINIMUM TEMPERATURE (F)   40


SUNRISE AND SUNSET
APRIL 20 2018.........SUNRISE   655 AM EDT   SUNSET   833 PM EDT
APRIL 21 2018.........SUNRISE   654 AM EDT   SUNSET   834 PM EDT


-  INDICATES NEGATIVE NUMBERS.
R  INDICATES RECORD WAS SET OR TIED.
MM INDICATES DATA IS MISSING.
T  INDICATES TRACE AMOUNT.




$$
