000
CDUS43 KIND 230537
CLIBMG


CLIMATE REPORT
NATIONAL WEATHER SERVICE INDIANAPOLIS IN
136 AM EDT WED MAY 23 2018


...................................

...THE BLOOMINGTON IN CLIMATE SUMMARY FOR MAY 22 2018...

CLIMATE NORMAL PERIOD 1981 TO 2010
CLIMATE RECORD PERIOD 9999 TO 9999


WEATHER ITEM   OBSERVED TIME   NORMAL DEPARTURE LAST
                VALUE   (LST)  VALUE  FROM      YEAR
                                      NORMAL
......................................................
TEMPERATURE (F)
 YESTERDAY
  MAXIMUM         86    313 PM  76     10       72
  MINIMUM         63    602 AM  53     10       47
  AVERAGE         75            64     11       60

PRECIPITATION (IN)
  YESTERDAY        T             0.16  -0.16     0.00
  MONTH TO DATE    2.44          3.78  -1.34     5.78
  SINCE MAR 1     11.76         12.36  -0.60    16.34
  SINCE JAN 1     19.93         18.43   1.50    21.38

DEGREE DAYS
 HEATING
  YESTERDAY        0             3     -3        5
  MONTH TO DATE   10           115   -105      125
  SINCE MAR 1   1275          1161    114      919
  SINCE JUL 1   5128          5229   -101     4106

 COOLING
  YESTERDAY       10             3      7        0
  MONTH TO DATE  142            35    107       60
  SINCE MAR 1    149            54     95      105
  SINCE JAN 1    155            54    101      105
......................................................


WIND (MPH)
  HIGHEST WIND SPEED    14   HIGHEST WIND DIRECTION    NW (300)
  HIGHEST GUST SPEED    18   HIGHEST GUST DIRECTION     W (290)
  AVERAGE WIND SPEED     4.4


SKY COVER
  AVERAGE SKY COVER 0.4


WEATHER CONDITIONS
 THE FOLLOWING WEATHER WAS RECORDED YESTERDAY.
  THUNDERSTORM
  FOG
  FOG W/VISIBILITY <= 1/4 MILE


RELATIVE HUMIDITY (PERCENT)
 HIGHEST   100          1200 AM
 LOWEST     44           500 PM
 AVERAGE    72

..........................................................


THE BLOOMINGTON IN CLIMATE NORMALS FOR TODAY
                         NORMAL
 MAXIMUM TEMPERATURE (F)   76
 MINIMUM TEMPERATURE (F)   54


SUNRISE AND SUNSET
MAY 23 2018...........SUNRISE   627 AM EDT   SUNSET   900 PM EDT
MAY 24 2018...........SUNRISE   626 AM EDT   SUNSET   901 PM EDT


-  INDICATES NEGATIVE NUMBERS.
R  INDICATES RECORD WAS SET OR TIED.
MM INDICATES DATA IS MISSING.
T  INDICATES TRACE AMOUNT.




$$
