000
CDUS44 KOHX 190723
CLIBNA


CLIMATE REPORT
NATIONAL WEATHER SERVICE NASHVILLE TN
222 AM CDT THU APR 19 2018


...................................

...THE NASHVILLE CLIMATE SUMMARY FOR APRIL 18 2018...

CLIMATE NORMAL PERIOD 1981 TO 2010
CLIMATE RECORD PERIOD 1871 TO 2018


WEATHER ITEM   OBSERVED TIME   RECORD YEAR NORMAL DEPARTURE
                VALUE   (LST)  VALUE       VALUE  FROM
                                                  NORMAL
...............................................................
TEMPERATURE (F)
 YESTERDAY
  MAXIMUM         75    302 PM  88    1955  71      4
  MINIMUM         52   1159 PM  28    1875  48      4
  AVERAGE         64                        60      4

PRECIPITATION (IN)
  YESTERDAY        0.10          2.00 1940   0.14  -0.04
  MONTH TO DATE    3.02                      2.20   0.82
  SINCE JAN 1     20.39                     14.00   6.39

SNOWFALL (IN)
  YESTERDAY        0.0           0.0  2002
                                      2001
  MONTH TO DATE    0.0
  SINCE MAR 1      0.6
  SINCE JUL 1      3.0

DEGREE DAYS
 HEATING
  YESTERDAY        1                               -6
  MONTH TO DATE  212                               54
  SINCE MAR 1    656                               25
  SINCE JUL 1   3303                             -266

 COOLING
  YESTERDAY        0                               -1
  MONTH TO DATE   11                               -7
  SINCE MAR 1     13                              -13
  SINCE JAN 1     34                                8
...............................................................


WIND (MPH)
  HIGHEST WIND SPEED    26   HIGHEST WIND DIRECTION     N (340)
  HIGHEST GUST SPEED    40   HIGHEST GUST DIRECTION     N (350)
  AVERAGE WIND SPEED    12.5




RELATIVE HUMIDITY (PERCENT)
 HIGHEST    87
 LOWEST     48

..........................................................


THE NASHVILLE CLIMATE NORMALS FOR TODAY
                         NORMAL    RECORD    YEAR
 MAXIMUM TEMPERATURE (F)   72        88      2006
 MINIMUM TEMPERATURE (F)   49        27      1983


SUNRISE AND SUNSET
APRIL 19 2018.........SUNRISE   608 AM CDT   SUNSET   724 PM CDT
APRIL 20 2018.........SUNRISE   607 AM CDT   SUNSET   725 PM CDT


-  INDICATES NEGATIVE NUMBERS.
R  INDICATES RECORD WAS SET OR TIED.
MM INDICATES DATA IS MISSING.
T  INDICATES TRACE AMOUNT.




$$
