824
CDUS45 KRIW 240840
CLIBPI


CLIMATE REPORT
NATIONAL WEATHER SERVICE RIVERTON WY
235 AM MDT THU MAY 24 2018


...................................

...THE BIG PINEY WY CLIMATE SUMMARY FOR MAY 23 2018...

CLIMATE NORMAL PERIOD 1981 TO 2010
CLIMATE RECORD PERIOD 1976 TO 2018


WEATHER ITEM   OBSERVED TIME   RECORD YEAR NORMAL DEPARTURE LAST
                VALUE   (LST)  VALUE       VALUE  FROM      YEAR
                                                  NORMAL
..................................................................
TEMPERATURE (F)
 YESTERDAY
  MAXIMUM         62    521 PM  78    2003  64     -2       70
                                      2001
  MINIMUM         41    524 AM  18    1986  32      9       29
  AVERAGE         52                        48      4       50

PRECIPITATION (IN)
  YESTERDAY        0.30          0.58 1980   0.03   0.27     0.00
  MONTH TO DATE    1.71                      0.62   1.09     0.94
  SINCE MAR 1      2.35                      1.59   0.76     3.56
  SINCE JAN 1      2.40                      2.25   0.15     5.30

DEGREE DAYS
 HEATING
  YESTERDAY       13                        17     -4       15
  MONTH TO DATE  386                       469    -83      444
  SINCE MAR 1   2343                      2477   -134     2407
  SINCE JUL 1   8840                     10000  -1160     9837

 COOLING
  YESTERDAY        0                         0      0        0
  MONTH TO DATE    0                         0      0        0
  SINCE MAR 1      0                         0      0        0
  SINCE JAN 1      0                         0      0        0
..................................................................


WIND (MPH)
  HIGHEST WIND SPEED    28   HIGHEST WIND DIRECTION     W (290)
  HIGHEST GUST SPEED    34   HIGHEST GUST DIRECTION     W (290)
  AVERAGE WIND SPEED     9.0


SKY COVER
  POSSIBLE SUNSHINE  MM
  AVERAGE SKY COVER 0.6


WEATHER CONDITIONS
 THE FOLLOWING WEATHER WAS RECORDED YESTERDAY.
  THUNDERSTORM
  HEAVY RAIN
  RAIN
  LIGHT RAIN
  FOG


RELATIVE HUMIDITY (PERCENT)
 HIGHEST    93           500 AM
 LOWEST     42           600 PM
 AVERAGE    68

..........................................................


THE BIG PINEY WY CLIMATE NORMALS FOR TODAY
                         NORMAL    RECORD    YEAR
 MAXIMUM TEMPERATURE (F)   64        80      2001
 MINIMUM TEMPERATURE (F)   32        20      2007


SUNRISE AND SUNSET
MAY 24 2018...........SUNRISE   550 AM MDT   SUNSET   845 PM MDT
MAY 25 2018...........SUNRISE   550 AM MDT   SUNSET   846 PM MDT


-  INDICATES NEGATIVE NUMBERS.
R  INDICATES RECORD WAS SET OR TIED.
MM INDICATES DATA IS MISSING.
T  INDICATES TRACE AMOUNT.




$$
