000
CDUS43 KDVN 250924
CLIBRL


CLIMATE REPORT
NATIONAL WEATHER SERVICE QUAD CITIES IA IL
422 AM CDT FRI MAY 25 2018


...................................

...THE BURLINGTON IA CLIMATE SUMMARY FOR MAY 24 2018...

CLIMATE NORMAL PERIOD 1981 TO 2010
CLIMATE RECORD PERIOD 1897 TO 2018


WEATHER ITEM   OBSERVED TIME   RECORD YEAR NORMAL DEPARTURE LAST
                VALUE   (LST)  VALUE       VALUE  FROM      YEAR
                                                  NORMAL
..................................................................
TEMPERATURE (F)
 YESTERDAY
  MAXIMUM         89    351 PM  95    1939  77     12       66
  MINIMUM         63    429 AM  38    1925  56      7       47
  AVERAGE         76                        66     10       57

PRECIPITATION (IN)
  YESTERDAY        0.00         MM      MM   0.15  -0.15     0.09
  MONTH TO DATE    2.10                      3.81  -1.71     3.02
  SINCE MAR 1      5.59                     10.36  -4.77    11.99
  SINCE JAN 1      9.68                     13.22  -3.54    13.85

DEGREE DAYS
 HEATING
  YESTERDAY        0                         3     -3        8
  MONTH TO DATE   10                       112   -102      129
  SINCE MAR 1   1444                      1196    248     1107
  SINCE JUL 1   5937                      5574    363     4801

 COOLING
  YESTERDAY       11                         4      7        0
  MONTH TO DATE  110                        52     58       48
  SINCE MAR 1    112                        72     40       68
  SINCE JAN 1    112                        72     40       68
..................................................................


WIND (MPH)
  HIGHEST WIND SPEED    13   HIGHEST WIND DIRECTION     S (180)
  HIGHEST GUST SPEED    19   HIGHEST GUST DIRECTION     S (180)
  AVERAGE WIND SPEED     6.2


SKY COVER
  POSSIBLE SUNSHINE  MM
  AVERAGE SKY COVER 0.0


WEATHER CONDITIONS
 THE FOLLOWING WEATHER WAS RECORDED YESTERDAY.
  NO SIGNIFICANT WEATHER WAS OBSERVED.


RELATIVE HUMIDITY (PERCENT)
 HIGHEST    78           400 AM
 LOWEST     39           200 PM
 AVERAGE    59

..........................................................


THE BURLINGTON IA CLIMATE NORMALS FOR TODAY
                         NORMAL    RECORD    YEAR
 MAXIMUM TEMPERATURE (F)   77        95      1911
 MINIMUM TEMPERATURE (F)   56        35      1925


SUNRISE AND SUNSET
MAY 25 2018...........SUNRISE   539 AM CDT   SUNSET   824 PM CDT
MAY 26 2018...........SUNRISE   538 AM CDT   SUNSET   825 PM CDT


-  INDICATES NEGATIVE NUMBERS.
R  INDICATES RECORD WAS SET OR TIED.
MM INDICATES DATA IS MISSING.
T  INDICATES TRACE AMOUNT.




$$
