000
CDUS45 KMSO 230738
CLIBTM


CLIMATE REPORT
NATIONAL WEATHER SERVICE MISSOULA, MT
138 AM MDT MON APR 23 2018


...................................

...THE BUTTE MT CLIMATE SUMMARY FOR APRIL 22 2018...

CLIMATE NORMAL PERIOD 1981 TO 2010
CLIMATE RECORD PERIOD 1895 TO 2018


WEATHER ITEM   OBSERVED TIME   RECORD YEAR NORMAL DEPARTURE LAST
                VALUE   (LST)  VALUE       VALUE  FROM      YEAR
                                                  NORMAL
..................................................................
TEMPERATURE (F)
 YESTERDAY
  MAXIMUM         58    324 PM  76    2012  54      4       59
  MINIMUM         27    623 AM   7    2008  27      0       27
                                      2001
  AVERAGE         43                        40      3       43

PRECIPITATION (IN)
  YESTERDAY        0.03          1.10 1899   0.04  -0.01     0.00
  MONTH TO DATE    1.12                      0.82   0.30     1.21
  SINCE OCT 1      4.25                      4.37  -0.12     6.15
  SINCE JAN 1      2.81                      2.48   0.33     2.93

SNOWFALL (IN)
  YESTERDAY       MM
  MONTH TO DATE   MM
  SINCE JAN 1     MM
  SINCE JUL 1     MM
  SNOW DEPTH      MM

DEGREE DAYS
 HEATING
  YESTERDAY       22                        25     -3       22
  MONTH TO DATE  609                       595     14      566
  SINCE MAR 1   1686                      1637     49     1407
  SINCE JUL 1   8174                      8206    -32     8191

 COOLING
  YESTERDAY        0                         0      0        0
  MONTH TO DATE    0                         0      0        0
  SINCE MAR 1      0                         0      0        0
  SINCE JAN 1      0                         0      0        0
..................................................................


WIND (MPH)
  HIGHEST WIND SPEED    17   HIGHEST WIND DIRECTION     N (20)
  HIGHEST GUST SPEED    21   HIGHEST GUST DIRECTION    NE (40)
  AVERAGE WIND SPEED     5.2


SKY COVER
  POSSIBLE SUNSHINE  MM
  AVERAGE SKY COVER 0.3


WEATHER CONDITIONS
 THE FOLLOWING WEATHER WAS RECORDED YESTERDAY.
  LIGHT RAIN


RELATIVE HUMIDITY (PERCENT)
 HIGHEST    78           400 AM
 LOWEST     28           300 PM
 AVERAGE    53

..........................................................


THE BUTTE MT CLIMATE NORMALS FOR TODAY
                         NORMAL    RECORD    YEAR
 MAXIMUM TEMPERATURE (F)   54        77      2012
 MINIMUM TEMPERATURE (F)   28        10      2013


SUNRISE AND SUNSET
APRIL 23 2018.........SUNRISE   630 AM MDT   SUNSET   828 PM MDT
APRIL 24 2018.........SUNRISE   628 AM MDT   SUNSET   829 PM MDT


-  INDICATES NEGATIVE NUMBERS.
R  INDICATES RECORD WAS SET OR TIED.
MM INDICATES DATA IS MISSING.
T  INDICATES TRACE AMOUNT.




$$
