000
CDUS44 KLIX 200701
CLIBTR


CLIMATE REPORT
NATIONAL WEATHER SERVICE NEW ORLEANS
NATIONAL WEATHER SERVICE NEW ORL
201 AM CDT FRI APR 20 2018


...................................

...THE BATON ROUGE  ASOS CLIMATE SUMMARY FOR APRIL 19 2018...

CLIMATE NORMAL PERIOD 1981 TO 2010
CLIMATE RECORD PERIOD 1894 TO 2018


WEATHER ITEM   OBSERVED TIME   RECORD YEAR NORMAL DEPARTURE LAST
                VALUE   (LST)  VALUE       VALUE  FROM      YEAR
                                                  NORMAL
..................................................................
TEMPERATURE (F)
 YESTERDAY
  MAXIMUM         75    308 PM  90    2006  80     -5       85
                                      1987
  MINIMUM         52   1159 PM  40    2001  58     -6       63
  AVERAGE         64                        69     -5       74

PRECIPITATION (IN)
  YESTERDAY        0.00          1.73 1914   0.15  -0.15     0.00
  MONTH TO DATE    4.81                      2.92   1.89     4.18
  SINCE MAR 1      9.89                      7.33   2.56     7.92
  SINCE JAN 1     21.08                     18.09   2.99    19.35

SNOWFALL (IN)
  YESTERDAY        0.0
  MONTH TO DATE    0.0
  SINCE MAR 1      0.0
  SINCE JUL 1      4.0
  SNOW DEPTH       0

DEGREE DAYS
 HEATING
  YESTERDAY        1                         1      0        0
  MONTH TO DATE   63                        43     20        6
  SINCE MAR 1    193                       210    -17       90
  SINCE JUL 1   1478                      1545    -67      794

 COOLING
  YESTERDAY        0                         5     -5        9
  MONTH TO DATE   31                        75    -44      110
  SINCE MAR 1    112                       133    -21      248
  SINCE JAN 1    231                       164     67      391
..................................................................


WIND (MPH)
  HIGHEST WIND SPEED    14   HIGHEST WIND DIRECTION     N (350)
  HIGHEST GUST SPEED    20   HIGHEST GUST DIRECTION     N (20)
  AVERAGE WIND SPEED     8.2


SKY COVER
  POSSIBLE SUNSHINE  MM
  AVERAGE SKY COVER 0.2


WEATHER CONDITIONS
 THE FOLLOWING WEATHER WAS RECORDED YESTERDAY.
  NO SIGNIFICANT WEATHER WAS OBSERVED.


RELATIVE HUMIDITY (PERCENT)
 HIGHEST    93           100 AM
 LOWEST     31           200 PM
 AVERAGE    62

..........................................................


THE BATON ROUGE  ASOS CLIMATE NORMALS FOR TODAY
                         NORMAL    RECORD    YEAR
 MAXIMUM TEMPERATURE (F)   80        93      1908
 MINIMUM TEMPERATURE (F)   58        39      2013


SUNRISE AND SUNSET
APRIL 20 2018.........SUNRISE   632 AM CDT   SUNSET   736 PM CDT
APRIL 21 2018.........SUNRISE   631 AM CDT   SUNSET   736 PM CDT


-  INDICATES NEGATIVE NUMBERS.
R  INDICATES RECORD WAS SET OR TIED.
MM INDICATES DATA IS MISSING.
T  INDICATES TRACE AMOUNT.




$$
