000
CDUS46 KLOX 220112
CLIBUR


CLIMATE REPORT
NATIONAL WEATHER SERVICE LOS ANGELES/OXNARD CA
612 PM PDT MON MAY 21 2018


...................................

...THE BOB HOPE AIRPORT (BURBANK) CA CLIMATE SUMMARY FOR MAY 21 2018...
VALID TODAY AS OF 0600 PM LOCAL TIME.

CLIMATE NORMAL PERIOD 1981 TO 2010
CLIMATE RECORD PERIOD 1939 TO 2018


WEATHER ITEM   OBSERVED TIME   RECORD YEAR NORMAL DEPARTURE LAST
                VALUE   (LST)  VALUE       VALUE  FROM      YEAR
                                                  NORMAL
..................................................................
TEMPERATURE (F)
 TODAY
  MAXIMUM         62    459 PM  95    1988  77    -15       92
  MINIMUM         57   1056 AM  39    1975  55      2       65
  AVERAGE         60                        66     -6       79

PRECIPITATION (IN)
  TODAY            0.04          0.15 2006   0.01   0.03     0.00
  MONTH TO DATE    0.07                      0.28  -0.21     0.13
  SINCE OCT 1      6.30                     16.81 -10.51    13.83
  SINCE JAN 1      6.22                     12.37  -6.15     9.57

SNOWFALL (IN)
  TODAY            0.0
  MONTH TO DATE    0.0
  SINCE MAR 1      0.0
  SINCE JUL 1      0.0

DEGREE DAYS
 HEATING
  TODAY            5                         2      3        0
  MONTH TO DATE   46                        47     -1       55
  SINCE MAR 1    307                       403    -96      181
  SINCE JUL 1    813                      1544   -731     1174

 COOLING
  TODAY            0                         2     -2       14
  MONTH TO DATE   47                        42      5       65
  SINCE MAR 1    107                        87     20      212
  SINCE JAN 1    141                        93     48      213
..................................................................


WIND (MPH)
  HIGHEST WIND SPEED    12   HIGHEST WIND DIRECTION     E (110)
  HIGHEST GUST SPEED    16   HIGHEST GUST DIRECTION     E (100)
  AVERAGE WIND SPEED     5.4


SKY COVER
  POSSIBLE SUNSHINE  MM
  AVERAGE SKY COVER 1.0


WEATHER CONDITIONS
 THE FOLLOWING WEATHER WAS RECORDED TODAY.
  LIGHT RAIN
  FOG
  HAZE


RELATIVE HUMIDITY (PERCENT)
 HIGHEST   100          1000 AM
 LOWEST     67           500 PM
 AVERAGE    84

..........................................................


THE BOB HOPE AIRPORT (BURBANK) CA CLIMATE NORMALS FOR TOMORROW
                         NORMAL    RECORD    YEAR
 MAXIMUM TEMPERATURE (F)   77        94      1967
 MINIMUM TEMPERATURE (F)   55        45      1945


SUNRISE AND SUNSET
MAY 21 2018...........SUNRISE   548 AM PDT   SUNSET   753 PM PDT
MAY 22 2018...........SUNRISE   547 AM PDT   SUNSET   754 PM PDT


-  INDICATES NEGATIVE NUMBERS.
R  INDICATES RECORD WAS SET OR TIED.
MM INDICATES DATA IS MISSING.
T  INDICATES TRACE AMOUNT.




$$
