000
CDUS41 KLWX 190531
CLIBWI


CLIMATE REPORT
NATIONAL WEATHER SERVICE BALTIMORE MD/WASHINGTON DC
126 AM EDT THU APR 19 2018


...................................

...THE BALTIMORE MD CLIMATE SUMMARY FOR APRIL 18 2018...

CLIMATE NORMAL PERIOD 1981 TO 2010
CLIMATE RECORD PERIOD 1871 TO 2018


WEATHER ITEM   OBSERVED TIME   RECORD YEAR NORMAL DEPARTURE LAST
                VALUE   (LST)  VALUE       VALUE  FROM      YEAR
                                                  NORMAL
..................................................................
TEMPERATURE (F)
 YESTERDAY
  MAXIMUM         61    530 PM  94    1896  66     -5       69
  MINIMUM         32    328 AM  26    1875  44    -12       49
  AVERAGE         47                        54     -7       59

PRECIPITATION (IN)
  YESTERDAY        0.00          1.60 1924   0.10  -0.10     0.00
  MONTH TO DATE    1.65                      1.95  -0.30     2.15
  SINCE MAR 1      3.90                      5.85  -1.95     5.97
  SINCE JAN 1     10.20                     11.80  -1.60    10.12

SNOWFALL (IN)
  YESTERDAY        0.0           T    2001   0.0    0.0
                                      1926
  MONTH TO DATE    0.0                       0.0    0.0
  SINCE JUL 1     15.4                      20.1   -4.7
  SNOW DEPTH       0

DEGREE DAYS
 HEATING
  YESTERDAY       18                        11      7        6
  MONTH TO DATE  269                       244     25      125
  SINCE MAR 1   1029                       910    119      772
  SINCE JUL 1   4341                      4505   -164     3663

 COOLING
  YESTERDAY        0                         0      0        0
  MONTH TO DATE   21                         0     21       20
  SINCE MAR 1     21                         1     20       20
  SINCE JAN 1     22                         1     21       20
..................................................................


WIND (MPH)
  HIGHEST WIND SPEED    17   HIGHEST WIND DIRECTION     W (280)
  HIGHEST GUST SPEED    23   HIGHEST GUST DIRECTION     W (280)
  AVERAGE WIND SPEED     6.8


SKY COVER
  POSSIBLE SUNSHINE  MM
  AVERAGE SKY COVER 0.3


WEATHER CONDITIONS
 THE FOLLOWING WEATHER WAS RECORDED YESTERDAY.
  NO SIGNIFICANT WEATHER WAS OBSERVED.


RELATIVE HUMIDITY (PERCENT)
 HIGHEST    71          1100 PM
 LOWEST     36           200 PM
 AVERAGE    54

..........................................................


THE BALTIMORE MD CLIMATE NORMALS FOR TODAY
                         NORMAL    RECORD    YEAR
 MAXIMUM TEMPERATURE (F)   66        93      1896
 MINIMUM TEMPERATURE (F)   44        24      1875


SUNRISE AND SUNSET
APRIL 19 2018.........SUNRISE   624 AM EDT   SUNSET   748 PM EDT
APRIL 20 2018.........SUNRISE   623 AM EDT   SUNSET   749 PM EDT


-  INDICATES NEGATIVE NUMBERS.
R  INDICATES RECORD WAS SET OR TIED.
MM INDICATES DATA IS MISSING.
T  INDICATES TRACE AMOUNT.




$$
