000
CDUS45 KRIW 200731
CLIBYG


CLIMATE REPORT
NATIONAL WEATHER SERVICE RIVERTON WY
129 AM MDT FRI APR 20 2018


...................................

...THE BUFFALO WY CLIMATE SUMMARY FOR APRIL 19 2018...

CLIMATE NORMAL PERIOD 1981 TO 2010
CLIMATE RECORD PERIOD 1998 TO 2018


WEATHER ITEM   OBSERVED TIME   RECORD YEAR NORMAL DEPARTURE LAST
                VALUE   (LST)  VALUE       VALUE  FROM      YEAR
                                                  NORMAL
..................................................................
TEMPERATURE (F)
 YESTERDAY
  MAXIMUM         60    252 PM  73    2008  55      5       56
  MINIMUM         33    428 AM  23    2011  34     -1       37
                                      2002
  AVERAGE         47                        44      3       47

PRECIPITATION (IN)
  YESTERDAY        0.00          0.47 2017   0.04  -0.04     0.47
  MONTH TO DATE    0.41                      0.62  -0.21     0.92
  SINCE MAR 1      1.34                      1.54  -0.20     2.94
  SINCE JAN 1      1.68                      2.31  -0.63     3.37

DEGREE DAYS
 HEATING
  YESTERDAY       18                        21     -3       18
  MONTH TO DATE  516                       448     68      332
  SINCE MAR 1   1442                      1398     44     1022
  SINCE JUL 1   6586                      6638    -52     5864

 COOLING
  YESTERDAY        0                         0      0        0
  MONTH TO DATE    0                         0      0        0
  SINCE MAR 1      0                         0      0        0
  SINCE JAN 1      0                         0      0        0
..................................................................


WIND (MPH)
  HIGHEST WIND SPEED    25   HIGHEST WIND DIRECTION    SE (150)
  HIGHEST GUST SPEED    30   HIGHEST GUST DIRECTION    SE (150)
  AVERAGE WIND SPEED    10.5


SKY COVER
  POSSIBLE SUNSHINE  MM
  AVERAGE SKY COVER 0.0


WEATHER CONDITIONS
 THE FOLLOWING WEATHER WAS RECORDED YESTERDAY.
  NO SIGNIFICANT WEATHER WAS OBSERVED.


RELATIVE HUMIDITY (PERCENT)
 HIGHEST    61           300 AM
 LOWEST     24           300 PM
 AVERAGE    43

..........................................................


THE BUFFALO WY CLIMATE NORMALS FOR TODAY
                         NORMAL    RECORD    YEAR
 MAXIMUM TEMPERATURE (F)   55        68      2012
                                             2009
 MINIMUM TEMPERATURE (F)   34        17      2008


SUNRISE AND SUNSET
APRIL 20 2018.........SUNRISE   615 AM MDT   SUNSET   758 PM MDT
APRIL 21 2018.........SUNRISE   613 AM MDT   SUNSET   759 PM MDT


-  INDICATES NEGATIVE NUMBERS.
R  INDICATES RECORD WAS SET OR TIED.
MM INDICATES DATA IS MISSING.
T  INDICATES TRACE AMOUNT.




$$
