000
CDUS45 KPIH 232328
CLIBYI


CLIMATE REPORT
NATIONAL WEATHER SERVICE POCATELLO ID
525 PM MDT WED MAY 23 2018


...................................

...THE BURLEY ID CLIMATE SUMMARY FOR MAY 23 2018...
VALID TODAY AS OF 0500 PM LOCAL TIME.

CLIMATE NORMAL PERIOD 1981 TO 2010
CLIMATE RECORD PERIOD 1948 TO 2018


WEATHER ITEM   OBSERVED TIME   RECORD YEAR NORMAL DEPARTURE LAST
                VALUE   (LST)  VALUE       VALUE  FROM      YEAR
                                                  NORMAL
..................................................................
TEMPERATURE (F)
 TODAY
  MAXIMUM         75    229 PM  90    1999  69      6       80
  MINIMUM         49    519 AM  27    2010  43      6       44
                                      1966
  AVERAGE         62                        56      6       62

PRECIPITATION (IN)
  TODAY            T             0.77 2015   0.05  -0.05     0.00
  MONTH TO DATE    1.09                      1.06   0.03     0.80
  SINCE OCT 1      6.61                      7.69  -1.08    11.92
  SINCE JAN 1      4.99                      4.86   0.13     7.13

SNOWFALL (IN)
  TODAY           MM
  MONTH TO DATE   MM
  SINCE MAR 1     MM
  SINCE JUL 1     MM
  SNOW DEPTH      MM

DEGREE DAYS
 HEATING
  TODAY            3                         9     -6        3
  MONTH TO DATE  151                       277   -126      244
  SINCE MAR 1   1435                      1643   -208     1388
  SINCE JUL 1   5786                      6665   -879     6194

 COOLING
  TODAY            0                         0      0        0
  MONTH TO DATE    5                         0      5        0
  SINCE MAR 1      5                         0      5        0
  SINCE JAN 1      5                         0      5        0
..................................................................


WIND (MPH)
  HIGHEST WIND SPEED    21   HIGHEST WIND DIRECTION     S (190)
  HIGHEST GUST SPEED    28   HIGHEST GUST DIRECTION     S (200)
  AVERAGE WIND SPEED     5.9


SKY COVER
  POSSIBLE SUNSHINE  MM
  AVERAGE SKY COVER 0.1


WEATHER CONDITIONS
 THE FOLLOWING WEATHER WAS RECORDED TODAY.
  THUNDERSTORM


RELATIVE HUMIDITY (PERCENT)
 HIGHEST    86           400 AM
 LOWEST     35           200 PM
 AVERAGE    61

..........................................................


THE BURLEY ID CLIMATE NORMALS FOR TOMORROW
                         NORMAL    RECORD    YEAR
 MAXIMUM TEMPERATURE (F)   70        91      1969
 MINIMUM TEMPERATURE (F)   43        32      1960


SUNRISE AND SUNSET
MAY 23 2018...........SUNRISE   606 AM MDT   SUNSET   858 PM MDT
MAY 24 2018...........SUNRISE   605 AM MDT   SUNSET   859 PM MDT


-  INDICATES NEGATIVE NUMBERS.
R  INDICATES RECORD WAS SET OR TIED.
MM INDICATES DATA IS MISSING.
T  INDICATES TRACE AMOUNT.




$$
