000
CDUS42 KCAE 210622
CLICAE


CLIMATE REPORT
NATIONAL WEATHER SERVICE COLUMBIA SC
222 AM EDT MON MAY 21 2018


...................................

...THE COLUMBIA METRO AIRPORT SC CLIMATE SUMMARY FOR MAY 20 2018...

CLIMATE NORMAL PERIOD 1981 TO 2010
CLIMATE RECORD PERIOD 1887 TO 2018


WEATHER ITEM   OBSERVED TIME   RECORD YEAR NORMAL DEPARTURE LAST
                VALUE   (LST)  VALUE       VALUE  FROM      YEAR
                                                  NORMAL
..................................................................
TEMPERATURE (F)
 YESTERDAY
  MAXIMUM         82   1138 AM  98    1964  85     -3       93
  MINIMUM         72    449 AM  40    1894  61     11       72
  AVERAGE         77                        73      4       83

PRECIPITATION (IN)
  YESTERDAY        0.03          2.54 1980   0.09  -0.06     0.00
  MONTH TO DATE    1.17                      1.82  -0.65     1.05
  SINCE MAR 1      7.24                      8.17  -0.93     9.54
  SINCE JAN 1     11.27                     15.36  -4.09    18.18

SNOWFALL (IN)
  YESTERDAY        0.0          MM      MM   0.0             0.0
  MONTH TO DATE    0.0                       0.0             0.0
  SINCE MAR 1      0.0                       0.1              T
  SINCE JUL 1      T                         1.5             0.1

DEGREE DAYS
 HEATING
  YESTERDAY        0                         0      0        0
  MONTH TO DATE    0                        18    -18       12
  SINCE MAR 1    461                       450     11      324
  SINCE JUL 1   2185                      2549   -364     1665

 COOLING
  YESTERDAY       12                         8      4       18
  MONTH TO DATE  212                       119     93      163
  SINCE MAR 1    271                       210     61      389
  SINCE JAN 1    331                       214    117      407
..................................................................


WIND (MPH)
  HIGHEST WIND SPEED    10   HIGHEST WIND DIRECTION     S (180)
  HIGHEST GUST SPEED    14   HIGHEST GUST DIRECTION     S (180)
  AVERAGE WIND SPEED     3.8


SKY COVER
  AVERAGE SKY COVER 1.0


WEATHER CONDITIONS
 THE FOLLOWING WEATHER WAS RECORDED YESTERDAY.
  THUNDERSTORM
  LIGHT RAIN
  FOG


RELATIVE HUMIDITY (PERCENT)
 HIGHEST   100           400 AM
 LOWEST     74          1000 AM
 AVERAGE    87

..........................................................


THE COLUMBIA METRO AIRPORT SC CLIMATE NORMALS FOR TODAY
                         NORMAL    RECORD    YEAR
 MAXIMUM TEMPERATURE (F)   85        97      1996
                                             1962
                                             1948
 MINIMUM TEMPERATURE (F)   61        42      1894


SUNRISE AND SUNSET
MAY 21 2018...........SUNRISE   619 AM EDT   SUNSET   823 PM EDT
MAY 22 2018...........SUNRISE   619 AM EDT   SUNSET   824 PM EDT


-  INDICATES NEGATIVE NUMBERS.
R  INDICATES RECORD WAS SET OR TIED.
MM INDICATES DATA IS MISSING.
T  INDICATES TRACE AMOUNT.




$$
