000
CDUS41 KLWX 222124
CLICHO


CLIMATE REPORT
NATIONAL WEATHER SERVICE BALTIMORE MD/WASHINGTON DC
524 PM EDT TUE MAY 22 2018


...................................

...THE CHARLOTTESVILLE VA CLIMATE SUMMARY FOR MAY 22 2018...
VALID TODAY AS OF 0500 PM LOCAL TIME.

CLIMATE NORMAL PERIOD 1981 TO 2010
CLIMATE RECORD PERIOD 1998 TO 2018


WEATHER ITEM   OBSERVED TIME   RECORD YEAR NORMAL DEPARTURE LAST
                VALUE   (LST)  VALUE       VALUE  FROM      YEAR
                                                  NORMAL
..................................................................
TEMPERATURE (F)
 TODAY
  MAXIMUM         84    151 PM  MM      MM  76      8       79
  MINIMUM         67    650 AM  MM      MM  53     14       60
  AVERAGE         76                        65     11       70

PRECIPITATION (IN)
  TODAY            0.24                      0.14   0.10     0.55
  MONTH TO DATE    4.58                      2.64   1.94     5.50
  SINCE MAR 1     10.18                      9.66   0.52    11.03
  SINCE JAN 1     16.04                     15.13   0.91    14.27

DEGREE DAYS
 HEATING
  TODAY            0                                         0
  MONTH TO DATE    3                                        84
  SINCE MAR 1    970                                       712
  SINCE JUL 1   3853                                      3085

 COOLING
  TODAY           11                                         5
  MONTH TO DATE  152                                        75
  SINCE MAR 1    168                                       172
  SINCE JAN 1    173                                       173
..................................................................


WIND (MPH)
  HIGHEST WIND SPEED    16   HIGHEST WIND DIRECTION    SW (220)
  HIGHEST GUST SPEED    28   HIGHEST GUST DIRECTION    SW (210)
  AVERAGE WIND SPEED     6.2


SKY COVER
  POSSIBLE SUNSHINE  MM
  AVERAGE SKY COVER 0.8


WEATHER CONDITIONS
 THE FOLLOWING WEATHER WAS RECORDED TODAY.
  THUNDERSTORM
  RAIN
  LIGHT RAIN
  FOG


RELATIVE HUMIDITY (PERCENT)
 HIGHEST    97           900 AM
 LOWEST     65           100 PM
 AVERAGE    81

..........................................................


THE CHARLOTTESVILLE VA CLIMATE NORMALS FOR TOMORROW
                         NORMAL    RECORD    YEAR
 MAXIMUM TEMPERATURE (F)   76        MM        MM
 MINIMUM TEMPERATURE (F)   54        MM        MM


SUNRISE AND SUNSET
MAY 22 2018...........SUNRISE   558 AM EDT   SUNSET   824 PM EDT
MAY 23 2018...........SUNRISE   557 AM EDT   SUNSET   824 PM EDT


-  INDICATES NEGATIVE NUMBERS.
R  INDICATES RECORD WAS SET OR TIED.
MM INDICATES DATA IS MISSING.
T  INDICATES TRACE AMOUNT.




$$
