000
CDUS42 KGSP 240646
CLICLT

CLIMATE REPORT
NATIONAL WEATHER SERVICE GREENVILLE-SPARTANBURG SC
246 AM EDT TUE APR 24 2018


...................................

...THE CHARLOTTE NC CLIMATE SUMMARY FOR APRIL 23 2018...

CLIMATE NORMAL PERIOD 1981 TO 2010
CLIMATE RECORD PERIOD 1878 TO 2018


WEATHER ITEM   OBSERVED TIME   RECORD YEAR NORMAL DEPARTURE LAST
                VALUE   (LST)  VALUE       VALUE  FROM      YEAR
                                                  NORMAL
..................................................................
TEMPERATURE (F)
 YESTERDAY
  MAXIMUM         61   1240 AM  91    1980  74    -13       61
                                      1963
                                      1960
  MINIMUM         54    838 AM  35    1986  49      5       51
  AVERAGE         58                        61     -3       56

PRECIPITATION (IN)
  YESTERDAY        2.05          2.12 2017   0.11   1.94     2.12
  MONTH TO DATE    3.62                      2.36   1.26     4.30
  SINCE MAR 1      7.83                      6.37   1.46     7.01
  SINCE JAN 1     13.43                     13.10   0.33    13.92

SNOWFALL (IN)
  YESTERDAY        0.0           0.0    MM   0.0    0.0      0.0
  MONTH TO DATE    T                         0.1   -0.1      0.0
  SINCE MAR 1      0.2                       0.7   -0.5      1.1
  SINCE JUL 1      4.2                       4.4   -0.2      2.2
  SNOW DEPTH       0

DEGREE DAYS
 HEATING
  YESTERDAY        7                         5      2        9
  MONTH TO DATE  173                       169      4       72
  SINCE MAR 1    659                       602     57      455
  SINCE JUL 1   2951                      3301   -350     2353

 COOLING
  YESTERDAY        0                         1     -1        0
  MONTH TO DATE   14                        22     -8       64
  SINCE MAR 1     16                        27    -11       82
  SINCE JAN 1     47                        27     20       87
..................................................................


WIND (MPH)
  HIGHEST WIND SPEED    24   HIGHEST WIND DIRECTION     E (100)
  HIGHEST GUST SPEED    33   HIGHEST GUST DIRECTION     E (90)
  AVERAGE WIND SPEED    12.7


SKY COVER
  POSSIBLE SUNSHINE  MM
  AVERAGE SKY COVER 1.0


WEATHER CONDITIONS
 THE FOLLOWING WEATHER WAS RECORDED YESTERDAY.
  HEAVY RAIN
  RAIN
  LIGHT RAIN
  FOG


RELATIVE HUMIDITY (PERCENT)
 HIGHEST   100           300 PM
 LOWEST     67           500 AM
 AVERAGE    84

..........................................................


THE CHARLOTTE NC CLIMATE NORMALS FOR TODAY
                         NORMAL    RECORD    YEAR
 MAXIMUM TEMPERATURE (F)   74        96      1925
 MINIMUM TEMPERATURE (F)   49        36      1893


SUNRISE AND SUNSET
APRIL 24 2018.........SUNRISE   640 AM EDT   SUNSET   804 PM EDT
APRIL 25 2018.........SUNRISE   639 AM EDT   SUNSET   805 PM EDT


-  INDICATES NEGATIVE NUMBERS.
R  INDICATES RECORD WAS SET OR TIED.
MM INDICATES DATA IS MISSING.
T  INDICATES TRACE AMOUNT.

$$

OUTLAW
