000
CDUS46 KLOX 261245
CLICMA


CLIMATE REPORT
NATIONAL WEATHER SERVICE LOS ANGELES/OXNARD CA
545 AM PDT THU APR 26 2018


...................................

...THE CAMARILLO AIRPORT CA CLIMATE SUMMARY FOR APRIL 25 2018...

CLIMATE NORMAL PERIOD 1981 TO 2010
CLIMATE RECORD PERIOD 1923 TO 2018


WEATHER ITEM   OBSERVED TIME   RECORD YEAR NORMAL DEPARTURE LAST
                VALUE   (LST)  VALUE       VALUE  FROM      YEAR
                                                  NORMAL
..................................................................
TEMPERATURE (F)
 YESTERDAY
  MAXIMUM         68    251 PM  90    1965  70     -2       74
  MINIMUM         54    641 AM  37    1944  48      6       53
  AVERAGE         61                        59      2       64

PRECIPITATION (IN)
  YESTERDAY        0.00          1.80 1931   0.04  -0.04     0.00
  MONTH TO DATE    0.03                      0.64  -0.61     0.13
  SINCE OCT 1      5.94                     14.47  -8.53    19.36
  SINCE JAN 1      5.87                     10.47  -4.60    14.70

SNOWFALL (IN)
  YESTERDAY        0.0
  MONTH TO DATE    0.0
  SINCE MAR 1      0.0
  SINCE JUL 1      0.0

DEGREE DAYS
 HEATING
  YESTERDAY        4                         6     -2        1
  MONTH TO DATE   99                       177    -78       97
  SINCE MAR 1    333                       454   -121      259
  SINCE JUL 1   1008                      1790   -782     1247

 COOLING
  YESTERDAY        0                         0      0        0
  MONTH TO DATE   10                         0     10       10
  SINCE MAR 1     10                         4      6       14
  SINCE JAN 1     52                        13     39       15
..................................................................


WIND (MPH)
  HIGHEST WIND SPEED    12   HIGHEST WIND DIRECTION    SW (240)
  HIGHEST GUST SPEED    18   HIGHEST GUST DIRECTION    SW (240)
  AVERAGE WIND SPEED     4.4


SKY COVER
  POSSIBLE SUNSHINE  MM
  AVERAGE SKY COVER 0.5


WEATHER CONDITIONS
 THE FOLLOWING WEATHER WAS RECORDED YESTERDAY.
  FOG
  HAZE


RELATIVE HUMIDITY (PERCENT)
 HIGHEST    89          1200 AM
 LOWEST     52           300 PM
 AVERAGE    71

..........................................................


THE CAMARILLO AIRPORT CA CLIMATE NORMALS FOR TODAY
                         NORMAL    RECORD    YEAR
 MAXIMUM TEMPERATURE (F)   70        95      2008
 MINIMUM TEMPERATURE (F)   48        39      1964
                                             1937


SUNRISE AND SUNSET
APRIL 26 2018.........SUNRISE   612 AM PDT   SUNSET   737 PM PDT
APRIL 27 2018.........SUNRISE   611 AM PDT   SUNSET   737 PM PDT


-  INDICATES NEGATIVE NUMBERS.
R  INDICATES RECORD WAS SET OR TIED.
MM INDICATES DATA IS MISSING.
T  INDICATES TRACE AMOUNT.




$$
