000
CDUS44 KCRP 242344
CLICRP

CLIMATE REPORT
NATIONAL WEATHER SERVICE CORPUS CHRISTI TX
643 PM CDT TUE APR 24 2018

...................................

...THE CORPUS CHRISTI CLIMATE SUMMARY FOR APRIL 24 2018...
VALID TODAY AS OF 643 PM LOCAL TIME.

CLIMATE NORMAL PERIOD 1981 TO 2010
CLIMATE RECORD PERIOD 1887 TO 2018


WEATHER ITEM   OBSERVED TIME   RECORD YEAR NORMAL DEPARTURE LAST
                VALUE   (LST)  VALUE       VALUE  FROM      YEAR
                                                  NORMAL
..................................................................
TEMPERATURE (F)
 TODAY
  MAXIMUM         85    335 PM  94    1953  83      2       82
  MINIMUM         54    615 AM  49    1983  65    -11       53
  AVERAGE         70                        74     -4       68

PRECIPITATION (IN)
  TODAY            0.00          1.46 1926   0.06  -0.06     0.00
  MONTH TO DATE    0.12                      1.41  -1.29     2.19
  SINCE MAR 1      2.13                      3.30  -1.17     7.18
  SINCE JAN 1      3.86                      6.77  -2.91    10.02

SNOWFALL (IN)
  TODAY            0.0
  MONTH TO DATE    0.0
  SINCE MAR 1      0.0
  SINCE JUL 1      1.0
  SNOW DEPTH       0

DEGREE DAYS
 HEATING
  TODAY            0                         0      0        0
  MONTH TO DATE   17                        15      2        0
  SINCE MAR 1     42                        96    -54       16
  SINCE JUL 1    871                       896    -25      368

 COOLING
  TODAY            5                         9     -4        3
  MONTH TO DATE  155                       178    -23      221
  SINCE MAR 1    360                       293     67      424
  SINCE JAN 1    482                       369    113      693
..................................................................


WIND (MPH)
  HIGHEST WIND SPEED    18   HIGHEST WIND DIRECTION    SE (150)
  HIGHEST GUST SPEED    24   HIGHEST GUST DIRECTION     E (100)


SKY COVER
  POSSIBLE SUNSHINE  MM
  AVERAGE SKY COVER 0.2


WEATHER CONDITIONS
 THE FOLLOWING WEATHER WAS RECORDED TODAY.
  FOG


RELATIVE HUMIDITY (PERCENT)
 HIGHEST   100           600 AM
 LOWEST     37           300 PM
 AVERAGE    69

..........................................................


THE CORPUS CHRISTI CLIMATE NORMALS FOR TOMORROW
                         NORMAL    RECORD    YEAR
 MAXIMUM TEMPERATURE (F)   83        99      2003
 MINIMUM TEMPERATURE (F)   65        49      1983


SUNRISE AND SUNSET
APRIL 24 2018.........SUNRISE   656 AM CDT   SUNSET   800 PM CDT
APRIL 25 2018.........SUNRISE   656 AM CDT   SUNSET   801 PM CDT


-  INDICATES NEGATIVE NUMBERS.
R  INDICATES RECORD WAS SET OR TIED.
MM INDICATES DATA IS MISSING.
T  INDICATES TRACE AMOUNT.




$$
