000
CDUS45 KTFX 261014
CLICTB


CLIMATE REPORT
NATIONAL WEATHER SERVICE GREAT FALLS MT
413 AM MDT THU APR 26 2018


...................................

...THE CUT BANK MT CLIMATE SUMMARY FOR APRIL 25 2018...

CLIMATE NORMAL PERIOD 1981 TO 2010
CLIMATE RECORD PERIOD 1903 TO 2018


WEATHER ITEM   OBSERVED TIME   RECORD YEAR NORMAL DEPARTURE LAST
                VALUE   (LST)  VALUE       VALUE  FROM      YEAR
                                                  NORMAL
..................................................................
TEMPERATURE (F)
 YESTERDAY
  MAXIMUM         56    542 PM  87    1910  56      0       42
  MINIMUM         37   1159 PM   0    1935  31      6       33
  AVERAGE         47                        44      3       38

PRECIPITATION (IN)
  YESTERDAY        0.00          0.50 1930   0.03  -0.03     0.27
  MONTH TO DATE    0.34                      0.61  -0.27     1.99
  SINCE OCT 1      4.72                      2.54   2.18     5.30
  SINCE JAN 1      2.61                      1.52   1.09     3.87

SNOWFALL (IN)
  YESTERDAY       MM
  SNOW DEPTH       0

DEGREE DAYS
 HEATING
  YESTERDAY       18                        21     -3       27
  MONTH TO DATE  808                       618    190      574
  SINCE MAR 1   2072                      1656    416     1595
  SINCE JUL 1   8590                      7716    874     7946

 COOLING
  YESTERDAY        0                         0      0        0
  MONTH TO DATE    0                         0      0        0
  SINCE MAR 1      0                         0      0        0
  SINCE JAN 1      0                         0      0        0
..................................................................


WIND (MPH)
  HIGHEST WIND SPEED    36   HIGHEST WIND DIRECTION     N (360)
  HIGHEST GUST SPEED    41   HIGHEST GUST DIRECTION     N (360)
  AVERAGE WIND SPEED    12.9


SKY COVER
  AVERAGE SKY COVER 0.2


WEATHER CONDITIONS
 THE FOLLOWING WEATHER WAS RECORDED YESTERDAY.
  NO SIGNIFICANT WEATHER WAS OBSERVED.


RELATIVE HUMIDITY (PERCENT)
 HIGHEST    64          1100 PM
 LOWEST     28           300 AM
 AVERAGE    46

..........................................................


THE CUT BANK MT CLIMATE NORMALS FOR TODAY
                         NORMAL    RECORD    YEAR
 MAXIMUM TEMPERATURE (F)   57        87      1910
 MINIMUM TEMPERATURE (F)   31        15      1960


SUNRISE AND SUNSET
APRIL 26 2018.........SUNRISE   618 AM MDT   SUNSET   837 PM MDT
APRIL 27 2018.........SUNRISE   616 AM MDT   SUNSET   839 PM MDT


-  INDICATES NEGATIVE NUMBERS.
R  INDICATES RECORD WAS SET OR TIED.
MM INDICATES DATA IS MISSING.
T  INDICATES TRACE AMOUNT.




$$
