980
CDUS41 KILN 230535
CLICVG


CLIMATE REPORT
NATIONAL WEATHER SERVICE WILMINGTON OH
135 AM EDT MON APR 23 2018


...................................

...THE CINCINNATI OH CLIMATE SUMMARY FOR APRIL 22 2018...

CLIMATE NORMAL PERIOD 1981 TO 2010
CLIMATE RECORD PERIOD 1869 TO 2018


WEATHER ITEM   OBSERVED TIME   RECORD YEAR NORMAL DEPARTURE LAST
                VALUE   (LST)  VALUE       VALUE  FROM      YEAR
                                                  NORMAL
..................................................................
TEMPERATURE (F)
 YESTERDAY
  MAXIMUM         66    152 PM  86    1985  67     -1       56
                                      1946
  MINIMUM         48    636 AM  28    1986  46      2       47
  AVERAGE         57                        56      1       52

PRECIPITATION (IN)
  YESTERDAY        0.00          1.76 1887   0.13  -0.13     0.01
  MONTH TO DATE    3.17                      2.80   0.37     2.52
  SINCE MAR 1      7.03                      6.76   0.27     7.33
  SINCE JAN 1     17.04                     12.57   4.47    14.55

SNOWFALL (IN)
  YESTERDAY        0.0           0.1  1893   0.0    0.0      0.0
  MONTH TO DATE    2.5                       0.5    2.0      0.0
  SINCE MAR 1     12.2                       3.5    8.7      2.0
  SINCE JUL 1     23.8                      22.1    1.7     10.0
  SNOW DEPTH       0

DEGREE DAYS
 HEATING
  YESTERDAY        8                         9     -1       13
  MONTH TO DATE  394                       277    117      142
  SINCE MAR 1   1165                       943    222      765
  SINCE JUL 1   4852                      4770     82     3845

 COOLING
  YESTERDAY        0                         1     -1        0
  MONTH TO DATE    7                        10     -3       33
  SINCE MAR 1      7                        10     -3       34
  SINCE JAN 1     12                        10      2       34
..................................................................


WIND (MPH)
  RESULTANT WIND SPEED  12   RESULTANT WIND DIRECTION  NE (60)
  HIGHEST WIND SPEED    18   HIGHEST WIND DIRECTION     E (70)
  HIGHEST GUST SPEED    24   HIGHEST GUST DIRECTION    NE (60)
  AVERAGE WIND SPEED    11.7


SKY COVER
  POSSIBLE SUNSHINE  MM
  AVERAGE SKY COVER 0.9


WEATHER CONDITIONS
 THE FOLLOWING WEATHER WAS RECORDED YESTERDAY.
  NO SIGNIFICANT WEATHER WAS OBSERVED.


RELATIVE HUMIDITY (PERCENT)
 HIGHEST    46           700 AM
 LOWEST     25           600 PM
 AVERAGE    36

..........................................................


THE CINCINNATI OH CLIMATE NORMALS FOR TODAY
                         NORMAL    RECORD    YEAR
 MAXIMUM TEMPERATURE (F)   67        88      1925
 MINIMUM TEMPERATURE (F)   46        23      1986


SUNRISE AND SUNSET
APRIL 23 2018.........SUNRISE   651 AM EDT   SUNSET   824 PM EDT
APRIL 24 2018.........SUNRISE   649 AM EDT   SUNSET   825 PM EDT


-  INDICATES NEGATIVE NUMBERS.
R  INDICATES RECORD WAS SET OR TIED.
MM INDICATES DATA IS MISSING.
T  INDICATES TRACE AMOUNT.




$$
