536
CDUS43 KUNR 230831
CLID07


CLIMATE REPORT
NATIONAL WEATHER SERVICE RAPID CITY SD
230 AM MDT MON APR 23 2018


...................................

...THE FAITH SD CLIMATE SUMMARY FOR APRIL 22 2018...

CLIMATE NORMAL PERIOD 1981 TO 2010
CLIMATE RECORD PERIOD 9999 TO 9999


WEATHER ITEM   OBSERVED TIME   NORMAL DEPARTURE LAST
                VALUE   (LST)  VALUE  FROM      YEAR
                                      NORMAL
......................................................
TEMPERATURE (F)
 YESTERDAY
  MAXIMUM         66    402 PM  60      6       66
  MINIMUM         34    525 AM  35     -1       34
  AVERAGE         50            48      2       50

PRECIPITATION (IN)
  YESTERDAY        0.00          0.07  -0.07     0.00
  MONTH TO DATE    0.97          0.99  -0.02     1.46
  SINCE MAR 1      2.24          1.97   0.27     1.96
  SINCE JAN 1      3.34          2.59   0.75     2.98

DEGREE DAYS
 HEATING
  YESTERDAY       15            18     -3       15
  MONTH TO DATE  731           483    248      375
  SINCE MAR 1   1907          1486    421     1285
  SINCE JUL 1   7859          7174    685     6636

 COOLING
  YESTERDAY        0             0      0        0
  MONTH TO DATE    0             0      0        0
  SINCE MAR 1      0             0      0        0
  SINCE JAN 1      0             0      0        0
......................................................


WIND (MPH)
  HIGHEST WIND SPEED    22   HIGHEST WIND DIRECTION     S (170)
  HIGHEST GUST SPEED    26   HIGHEST GUST DIRECTION     S (170)
  AVERAGE WIND SPEED    12.7




RELATIVE HUMIDITY (PERCENT)
 HIGHEST   100           200 AM
 LOWEST     37           200 PM
 AVERAGE    69

..........................................................




SUNRISE AND SUNSET
APRIL 23 2018.........SUNRISE   550 AM MDT   SUNSET   744 PM MDT
APRIL 24 2018.........SUNRISE   548 AM MDT   SUNSET   745 PM MDT


-  INDICATES NEGATIVE NUMBERS.
R  INDICATES RECORD WAS SET OR TIED.
MM INDICATES DATA IS MISSING.
T  INDICATES TRACE AMOUNT.




$$
