000
CDUS42 KMLB 220627
CLIDAB


CLIMATE REPORT
NATIONAL WEATHER SERVICE MELBOURNE FL
226 AM EDT TUE MAY 22 2018


...................................

...THE DAYTONA BEACH CLIMATE SUMMARY FOR MAY 21 2018...

CLIMATE NORMAL PERIOD 1981 TO 2010
CLIMATE RECORD PERIOD 1923 TO 2018


WEATHER ITEM   OBSERVED TIME   RECORD YEAR NORMAL DEPARTURE LAST
                VALUE   (LST)  VALUE       VALUE  FROM      YEAR
                                                  NORMAL
..................................................................
TEMPERATURE (F)
 YESTERDAY
  MAXIMUM         78    928 AM  97    1998  86     -8       87
  MINIMUM         70    559 AM  55    1940  67      3       68
  AVERAGE         74                        76     -2       78

PRECIPITATION (IN)
  YESTERDAY        1.97          2.00 1923   0.11   1.86     0.00
  MONTH TO DATE    7.96                      1.72   6.24     1.30
  SINCE MAR 1     13.66                      8.14   5.52     3.59
  SINCE JAN 1     20.46                     13.66   6.80     7.60

SNOWFALL (IN)
  YESTERDAY        0.0
  MONTH TO DATE    0.0
  SINCE JUL 1      T

DEGREE DAYS
 HEATING
  YESTERDAY        0                         0      0        0
  MONTH TO DATE    0                         0      0        0
  SINCE MAR 1    148                       125     23       95
  SINCE JUL 1    645                       807   -162      401

 COOLING
  YESTERDAY        9                        11     -2       13
  MONTH TO DATE  182                       190     -8      216
  SINCE MAR 1    420                       412      8      562
  SINCE JAN 1    582                       477    105      682
..................................................................


WIND (MPH)
  HIGHEST WIND SPEED    17   HIGHEST WIND DIRECTION     S (160)
  HIGHEST GUST SPEED    27   HIGHEST GUST DIRECTION     S (170)
  AVERAGE WIND SPEED     3.2


SKY COVER
  AVERAGE SKY COVER 0.9


WEATHER CONDITIONS
 THE FOLLOWING WEATHER WAS RECORDED YESTERDAY.
  HEAVY RAIN
  RAIN
  LIGHT RAIN
  FOG


RELATIVE HUMIDITY (PERCENT)
 HIGHEST   100           600 AM
 LOWEST     93           300 AM
 AVERAGE    97

..........................................................


THE DAYTONA BEACH CLIMATE NORMALS FOR TODAY
                         NORMAL    RECORD    YEAR
 MAXIMUM TEMPERATURE (F)   86        97      1962
                                             1940
                                             1938
 MINIMUM TEMPERATURE (F)   67        55      1954


SUNRISE AND SUNSET
MAY 22 2018...........SUNRISE   629 AM EDT   SUNSET   813 PM EDT
MAY 23 2018...........SUNRISE   628 AM EDT   SUNSET   814 PM EDT


-  INDICATES NEGATIVE NUMBERS.
R  INDICATES RECORD WAS SET OR TIED.
MM INDICATES DATA IS MISSING.
T  INDICATES TRACE AMOUNT.




$$
