488
CDUS43 KDVN 260911
CLIDBQ


CLIMATE REPORT
NATIONAL WEATHER SERVICE QUAD CITIES IA IL
409 AM CDT THU APR 26 2018


...................................

...THE DUBUQUE IA CLIMATE SUMMARY FOR APRIL 25 2018...

CLIMATE NORMAL PERIOD 1981 TO 2010
CLIMATE RECORD PERIOD 1873 TO 2018


WEATHER ITEM   OBSERVED TIME   RECORD YEAR NORMAL DEPARTURE LAST
                VALUE   (LST)  VALUE       VALUE  FROM      YEAR
                                                  NORMAL
..................................................................
TEMPERATURE (F)
 YESTERDAY
  MAXIMUM         62    422 PM  86    1986  62      0       74
  MINIMUM         42   1159 PM  28    1887  41      1       49
  AVERAGE         52                        52      0       62

PRECIPITATION (IN)
  YESTERDAY        0.00          2.15 2009   0.13  -0.13     0.01
  MONTH TO DATE    1.59                      2.98  -1.39     3.77
  SINCE MAR 1      3.43                      5.39  -1.96     5.90
  SINCE JAN 1      7.48                      8.00  -0.52     9.71

SNOWFALL (IN)
  YESTERDAY        0.0          MM      MM   0.1   -0.1      0.0
  MONTH TO DATE    8.6                       1.9    6.7       T
  SINCE MAR 1     16.2                       8.2    8.0      4.5
  SINCE JUL 1     38.2                      41.8   -3.6     27.1
  SNOW DEPTH       0

DEGREE DAYS
 HEATING
  YESTERDAY       13                        13      0        3
  MONTH TO DATE  717                       448    269      314
  SINCE MAR 1   1671                      1366    305     1203
  SINCE JUL 1   6976                      6759    217     5684

 COOLING
  YESTERDAY        0                         0      0        0
  MONTH TO DATE    0                         0      0        5
  SINCE MAR 1      0                         0      0        5
  SINCE JAN 1      0                         0      0        5
..................................................................


WIND (MPH)
  HIGHEST WIND SPEED    23   HIGHEST WIND DIRECTION     N (10)
  HIGHEST GUST SPEED    28   HIGHEST GUST DIRECTION     N (20)
  AVERAGE WIND SPEED     7.4


SKY COVER
  POSSIBLE SUNSHINE  MM
  AVERAGE SKY COVER 0.0


WEATHER CONDITIONS
 THE FOLLOWING WEATHER WAS RECORDED YESTERDAY.
  NO SIGNIFICANT WEATHER WAS OBSERVED.


RELATIVE HUMIDITY (PERCENT)
 HIGHEST    62           500 AM
 LOWEST     29           300 PM
 AVERAGE    46

..........................................................


THE DUBUQUE IA CLIMATE NORMALS FOR TODAY
                         NORMAL    RECORD    YEAR
 MAXIMUM TEMPERATURE (F)   63        83      1990
                                             1962
 MINIMUM TEMPERATURE (F)   42        28      1956


SUNRISE AND SUNSET
APRIL 26 2018.........SUNRISE   605 AM CDT   SUNSET   757 PM CDT
APRIL 27 2018.........SUNRISE   603 AM CDT   SUNSET   758 PM CDT


-  INDICATES NEGATIVE NUMBERS.
R  INDICATES RECORD WAS SET OR TIED.
MM INDICATES DATA IS MISSING.
T  INDICATES TRACE AMOUNT.




$$
