000
CDUS44 KSHV 240750
CLIDEQ


CLIMATE REPORT
NATIONAL WEATHER SERVICE SHREVEPORT, LA
245 AM CDT TUE APR 24 2018


...................................

...THE DE QUEEN CLIMATE SUMMARY FOR APRIL 23 2018...

CLIMATE NORMAL PERIOD 1981 TO 2010
CLIMATE RECORD PERIOD 1902 TO 2018


WEATHER ITEM   OBSERVED TIME   RECORD YEAR NORMAL DEPARTURE LAST
                VALUE   (LST)  VALUE       VALUE  FROM      YEAR
                                                  NORMAL
..................................................................
TEMPERATURE (F)
 YESTERDAY
  MAXIMUM         73    331 PM  89    2009  76     -3       73
                                      1976
  MINIMUM         52   1159 PM  35    1993  51      1       44
  AVERAGE         63                        63      0       59

PRECIPITATION (IN)
  YESTERDAY        0.00          2.95 1964   0.14  -0.14     0.00
  MONTH TO DATE    4.42                      2.73   1.69     6.58
  SINCE DEC 1     28.56                     18.73   9.83    17.36
  SINCE JAN 1     23.31                     14.37   8.94    14.65

SNOWFALL (IN)
  YESTERDAY        0.0
  MONTH TO DATE    0.0
  SINCE MAR 1      0.0
  SINCE JUL 1      0.1
  SNOW DEPTH       0

DEGREE DAYS
 HEATING
  YESTERDAY        2                         3     -1        6
  MONTH TO DATE  201                       135     66       51
  SINCE MAR 1    482                       512    -30      284
  SINCE JUL 1   2856                      3003   -147     2053

 COOLING
  YESTERDAY        0                         2     -2        0
  MONTH TO DATE    4                        24    -20       54
  SINCE MAR 1     16                        33    -17       81
  SINCE JAN 1     18                        35    -17       91
..................................................................


WIND (MPH)
  HIGHEST WIND SPEED    14   HIGHEST WIND DIRECTION    NW (310)
  HIGHEST GUST SPEED    19   HIGHEST GUST DIRECTION    NW (320)
  AVERAGE WIND SPEED     6.2


SKY COVER
  POSSIBLE SUNSHINE  MM
  AVERAGE SKY COVER 0.7


WEATHER CONDITIONS
 THE FOLLOWING WEATHER WAS RECORDED YESTERDAY.
  FOG
  FOG W/VISIBILITY <= 1/4 MILE


RELATIVE HUMIDITY (PERCENT)
 HIGHEST   100           300 AM
 LOWEST     57           300 PM
 AVERAGE    79

..........................................................


THE DE QUEEN CLIMATE NORMALS FOR TODAY
                         NORMAL    RECORD    YEAR
 MAXIMUM TEMPERATURE (F)   76        88      1987
 MINIMUM TEMPERATURE (F)   51        35      2005


SUNRISE AND SUNSET
APRIL 24 2018.........SUNRISE   636 AM CDT   SUNSET   756 PM CDT
APRIL 25 2018.........SUNRISE   635 AM CDT   SUNSET   757 PM CDT


-  INDICATES NEGATIVE NUMBERS.
R  INDICATES RECORD WAS SET OR TIED.
MM INDICATES DATA IS MISSING.
T  INDICATES TRACE AMOUNT.




$$
