096
CDUS44 KFWD 220643
CLIDFW


CLIMATE REPORT
NATIONAL WEATHER SERVICE FORT WORTH TX
142 AM CDT TUE MAY 22 2018


...................................

...THE DALLAS FORT WORTH CLIMATE SUMMARY FOR MAY 21 2018...

CLIMATE NORMAL PERIOD 1981 TO 2010
CLIMATE RECORD PERIOD 1898 TO 2018


WEATHER ITEM   OBSERVED TIME   RECORD YEAR NORMAL DEPARTURE LAST
                VALUE   (LST)  VALUE       VALUE  FROM      YEAR
                                                  NORMAL
..................................................................
TEMPERATURE (F)
 YESTERDAY
  MAXIMUM         89    329 PM  99    2005  85      4       82
  MINIMUM         66    535 AM  51    1947  66      0       63
  AVERAGE         78                        75      3       73

PRECIPITATION (IN)
  YESTERDAY        0.00          1.07 1983   0.15  -0.15     0.08
  MONTH TO DATE    1.86                      3.34  -1.48     0.30
  SINCE MAR 1      5.53                      9.90  -4.37     4.74
  SINCE JAN 1     17.69                     14.69   3.00    11.46

DEGREE DAYS
 HEATING
  YESTERDAY        0                         0      0        0
  MONTH TO DATE    0                         6     -6        0
  SINCE MAR 1    264                       350    -86      117
  SINCE JUL 1   1931                      2282   -351     1305

 COOLING
  YESTERDAY       13                        10      3        8
  MONTH TO DATE  261                       165     96      203
  SINCE MAR 1    388                       296     92      486
  SINCE JAN 1    410                       303    107      554
..................................................................


WIND (MPH)
  HIGHEST WIND SPEED    13   HIGHEST WIND DIRECTION    SE (140)
  HIGHEST GUST SPEED    16   HIGHEST GUST DIRECTION    SE (140)
  AVERAGE WIND SPEED     3.9


SKY COVER
  POSSIBLE SUNSHINE  MM
  AVERAGE SKY COVER 0.7


WEATHER CONDITIONS
 THE FOLLOWING WEATHER WAS RECORDED YESTERDAY.
  NO SIGNIFICANT WEATHER WAS OBSERVED.


RELATIVE HUMIDITY (PERCENT)
 HIGHEST    93           300 AM
 LOWEST     46           300 PM
 AVERAGE    70

..........................................................


THE DALLAS FORT WORTH CLIMATE NORMALS FOR TODAY
                         NORMAL    RECORD    YEAR
 MAXIMUM TEMPERATURE (F)   85        99      2005
 MINIMUM TEMPERATURE (F)   66        51      1931


SUNRISE AND SUNSET
MAY 22 2018...........SUNRISE   625 AM CDT   SUNSET   825 PM CDT
MAY 23 2018...........SUNRISE   624 AM CDT   SUNSET   826 PM CDT


-  INDICATES NEGATIVE NUMBERS.
R  INDICATES RECORD WAS SET OR TIED.
MM INDICATES DATA IS MISSING.
T  INDICATES TRACE AMOUNT.




$$
