000
CDUS45 KTWC 231434 RRA
CLIDUG

CLIMATE REPORT
NATIONAL WEATHER SERVICE TUCSON AZ
733 AM MST WED MAY 23 2018


...................................

...THE DOUGLAS AZ CLIMATE SUMMARY FOR MAY 23 2018...
VALID AS OF 0700 AM LOCAL TIME.

CLIMATE NORMAL PERIOD 1981 TO 2010
CLIMATE RECORD PERIOD 1948 TO 2018


WEATHER ITEM   OBSERVED TIME   RECORD YEAR NORMAL DEPARTURE LAST
                VALUE   (LST)  VALUE       VALUE  FROM      YEAR
                                                  NORMAL
..................................................................
TEMPERATURE (F)
 TODAY
  MINIMUM         49    436 AM  42    1962  53     -4       52

PRECIPITATION (IN)
  TODAY            0.00          0.07 1992   0.01  -0.01     0.00
  MONTH TO DATE    0.00                      0.20  -0.20     0.07
  SINCE OCT 1      1.87                      4.87  -3.00     3.12
  SINCE JAN 1      1.04                      2.32  -1.28     1.77

DEGREE DAYS
 HEATING
  TODAY            7                         0      7        0

 COOLING
  TODAY            0                         7     -7        9
..................................................................


WIND (MPH)
  HIGHEST WIND SPEED    10   HIGHEST WIND DIRECTION     W (270)
  HIGHEST GUST SPEED    13   HIGHEST GUST DIRECTION     W (260)
  AVERAGE WIND SPEED     3.7


SKY COVER
  POSSIBLE SUNSHINE  MM
  AVERAGE SKY COVER 0.0


WEATHER CONDITIONS
 THE FOLLOWING WEATHER WAS RECORDED TODAY.
  NO SIGNIFICANT WEATHER WAS OBSERVED.


RELATIVE HUMIDITY (PERCENT)
 HIGHEST    39           500 AM

..........................................................


THE DOUGLAS AZ CLIMATE NORMALS FOR TOMORROW
                         NORMAL    RECORD    YEAR
 MAXIMUM TEMPERATURE (F)   90       101      1984
 MINIMUM TEMPERATURE (F)   54        40      2015


SUNRISE AND SUNSET
MAY 23 2018...........SUNRISE   518 AM MST   SUNSET   713 PM MST
MAY 24 2018...........SUNRISE   517 AM MST   SUNSET   714 PM MST


-  INDICATES NEGATIVE NUMBERS.
R  INDICATES RECORD WAS SET OR TIED.
MM INDICATES DATA IS MISSING.
T  INDICATES TRACE AMOUNT.




$$
