916
CDUS44 KBMX 270113
CLIEET


CLIMATE REPORT
NATIONAL WEATHER SERVICE BIRMINGHAM, AL
813 PM CDT THU APR 26 2018


...................................

...THE SHELBY COUNTY AIRPORT CLIMATE SUMMARY FOR APRIL 26 2018...
VALID TODAY AS OF 0500 PM LOCAL TIME.

CLIMATE NORMAL PERIOD 1981 TO 2010
CLIMATE RECORD PERIOD 9999 TO 9999


WEATHER ITEM   OBSERVED TIME   RECORD YEAR NORMAL DEPARTURE LAST
                VALUE   (LST)  VALUE       VALUE  FROM      YEAR
                                                  NORMAL
..................................................................
TEMPERATURE (F)
 TODAY
  MAXIMUM         68    230 PM  MM      MM  77     -9       83
  MINIMUM         56    833 AM  MM      MM  54      2       56
  AVERAGE         62                        65     -3       70

PRECIPITATION (IN)
  TODAY            0.73                      0.12   0.61     0.00
  MONTH TO DATE    8.06                      3.39   4.67     4.34
  SINCE MAR 1     11.49                      7.87   3.62     9.52
  SINCE JAN 1     22.81                     18.95   3.86    20.62

SNOWFALL (IN)
  TODAY            0.0                      MM     MM        0.0
  MONTH TO DATE    0.0                      MM     MM        0.0
  SINCE MAR 1      0.0                      MM     MM        0.0
  SINCE JUL 1      5.1                      MM     MM        0.0
  SNOW DEPTH       0

DEGREE DAYS
 HEATING
  TODAY            3                         3      0        0
  MONTH TO DATE  137                       122     15       38
  SINCE MAR 1    430                       431     -1      264
  SINCE JUL 1   2335                      2560   -225     1585

 COOLING
  TODAY            0                         3     -3        5
  MONTH TO DATE   19                        46    -27      114
  SINCE MAR 1     35                        59    -24      169
  SINCE JAN 1     77                        63     14      179
..................................................................


WIND (MPH)
  HIGHEST WIND SPEED    15   HIGHEST WIND DIRECTION    SW (240)
  HIGHEST GUST SPEED    24   HIGHEST GUST DIRECTION     W (260)
  AVERAGE WIND SPEED     4.4


SKY COVER
  POSSIBLE SUNSHINE  MM
  AVERAGE SKY COVER 0.8


WEATHER CONDITIONS
 THE FOLLOWING WEATHER WAS RECORDED TODAY.
  HEAVY RAIN
  RAIN
  LIGHT RAIN
  FOG


RELATIVE HUMIDITY (PERCENT)
 HIGHEST   100           700 AM
 LOWEST     58           300 PM
 AVERAGE    79

..........................................................


THE SHELBY COUNTY AIRPORT CLIMATE NORMALS FOR TOMORROW
                         NORMAL    RECORD    YEAR
 MAXIMUM TEMPERATURE (F)   77        MM        MM
 MINIMUM TEMPERATURE (F)   54        MM        MM


SUNRISE AND SUNSET
APRIL 26 2018.........SUNRISE   604 AM CDT   SUNSET   726 PM CDT
APRIL 27 2018.........SUNRISE   603 AM CDT   SUNSET   727 PM CDT


-  INDICATES NEGATIVE NUMBERS.
R  INDICATES RECORD WAS SET OR TIED.
MM INDICATES DATA IS MISSING.
T  INDICATES TRACE AMOUNT.




$$
