000
CDUS46 KEKA 221218
CLIEKA


CLIMATE REPORT
NATIONAL WEATHER SERVICE EUREKA CA
518 AM PDT SUN APR 22 2018


...................................

...THE EUREKA CA CLIMATE SUMMARY FOR APRIL 21 2018...

CLIMATE NORMAL PERIOD 1981 TO 2010
CLIMATE RECORD PERIOD 1886 TO 2018


WEATHER ITEM   OBSERVED RECORD YEAR NORMAL DEPARTURE LAST
                VALUE   VALUE       VALUE  FROM      YEAR
                                           NORMAL
...........................................................
TEMPERATURE (F)
 YESTERDAY
  MAXIMUM         58     79    1982  58      0       63
  MINIMUM         41     35    1995  45     -4       42
                               1971
  AVERAGE         50                 51     -1       53

PRECIPITATION (IN)
  YESTERDAY        0.00   1.74 1961   0.10  -0.10     0.00
  MONTH TO DATE    3.78               2.51   1.27     4.20
  SINCE OCT 1     33.99              35.91  -1.92    59.55
  SINCE JAN 1     23.01              19.94   3.07    33.78

SNOWFALL (IN)
  YESTERDAY        0.0    0.0  2002   0.0    0.0      0.0
                               2001
  MONTH TO DATE    0.0                0.0    0.0       T
  SINCE MAR 1      T                  0.0    0.0       T
  SINCE JUL 1      T                  0.2   -0.2       T
  SNOW DEPTH       0

DEGREE DAYS
 HEATING
  YESTERDAY       15                 14      1       12
  MONTH TO DATE  298                305     -7      269
  SINCE MAR 1    808                781     27      699
  SINCE JUL 1   3609               3703    -94     3588

 COOLING
  YESTERDAY        0                  0      0        0
  MONTH TO DATE    0                  0      0        0
  SINCE MAR 1      0                  0      0        0
  SINCE JAN 1      0                  0      0        0
...........................................................


WIND (MPH)
  HIGHEST WIND SPEED    17   HIGHEST WIND DIRECTION     N (360)
  HIGHEST GUST SPEED    23   HIGHEST GUST DIRECTION     N (360)
  AVERAGE WIND SPEED     6.9


SKY COVER
  AVERAGE SKY COVER 0.0


WEATHER CONDITIONS
 THE FOLLOWING WEATHER WAS RECORDED YESTERDAY.
  HAZE


..........................................................


THE EUREKA CA CLIMATE NORMALS FOR TODAY
                         NORMAL    RECORD    YEAR
 MAXIMUM TEMPERATURE (F)   58        75      1982
 MINIMUM TEMPERATURE (F)   45        37      1968
                                             1920
                                             1901


SUNRISE AND SUNSET
APRIL 22 2018.........SUNRISE   627 AM PDT   SUNSET   804 PM PDT
APRIL 23 2018.........SUNRISE   626 AM PDT   SUNSET   805 PM PDT


-  INDICATES NEGATIVE NUMBERS.
R  INDICATES RECORD WAS SET OR TIED.
MM INDICATES DATA IS MISSING.
T  INDICATES TRACE AMOUNT.




&&

..........................................................

TOTAL SEASON     NORMAL   % OF NORMAL     LAST SEASON

    33.99         35.91        95            59.55


$$
