000
CDUS41 KRLX 212135
CLIEKN


CLIMATE REPORT
NATIONAL WEATHER SERVICE CHARLESTON WV
535 PM EDT SAT APR 21 2018


...................................

...THE ELKINS WV CLIMATE SUMMARY FOR APRIL 21 2018...
VALID TODAY AS OF 0500 PM LOCAL TIME.

CLIMATE NORMAL PERIOD 1981 TO 2010
CLIMATE RECORD PERIOD 1899 TO 2018


WEATHER ITEM   OBSERVED TIME   RECORD YEAR NORMAL DEPARTURE LAST
                VALUE   (LST)  VALUE       VALUE  FROM      YEAR
                                                  NORMAL
..................................................................
TEMPERATURE (F)
 TODAY
  MAXIMUM         64    335 PM  83    1985  65     -1       73
                                      1976
                                      1954
  MINIMUM         23    527 AM  19    1904  38    -15       57
  AVERAGE         44                        51     -7       65

PRECIPITATION (IN)
  TODAY            T             1.27 2002   0.13  -0.13     0.45
  MONTH TO DATE    4.28                      2.63   1.65     3.85
  SINCE MAR 1      8.74                      6.59   2.15     7.99
  SINCE JAN 1     19.55                     12.92   6.63    15.24

DEGREE DAYS
 HEATING
  TODAY           21                        14      7        0
  MONTH TO DATE  420                       352     68      216
  SINCE MAR 1   1348                      1132    216      933
  SINCE JUL 1   5300                      5453   -153     4336

 COOLING
  TODAY            0                         0      0        0
  MONTH TO DATE    1                         0      1        0
  SINCE MAR 1      1                         0      1        0
  SINCE JAN 1      1                         0      1        0
..................................................................


WIND (MPH)
  HIGHEST WIND SPEED    13   HIGHEST WIND DIRECTION     N (360)
  HIGHEST GUST SPEED    17   HIGHEST GUST DIRECTION     E (100)
  AVERAGE WIND SPEED     2.0


SKY COVER
  POSSIBLE SUNSHINE  MM
  AVERAGE SKY COVER 0.0


WEATHER CONDITIONS
 THE FOLLOWING WEATHER WAS RECORDED TODAY.
  NO SIGNIFICANT WEATHER WAS OBSERVED.


RELATIVE HUMIDITY (PERCENT)
 HIGHEST    88           400 AM
 LOWEST     13           400 PM
 AVERAGE    51

..........................................................


THE ELKINS WV CLIMATE NORMALS FOR TOMORROW
                         NORMAL    RECORD    YEAR
 MAXIMUM TEMPERATURE (F)   65        88      1902
 MINIMUM TEMPERATURE (F)   38        23      1904


SUNRISE AND SUNSET
APRIL 21 2018.........SUNRISE   634 AM EDT   SUNSET   802 PM EDT
APRIL 22 2018.........SUNRISE   633 AM EDT   SUNSET   803 PM EDT


-  INDICATES NEGATIVE NUMBERS.
R  INDICATES RECORD WAS SET OR TIED.
MM INDICATES DATA IS MISSING.
T  INDICATES TRACE AMOUNT.




$$
