000
CDUS45 KLKN 200928
CLIELY


CLIMATE REPORT
NATIONAL WEATHER SERVICE ELKO NV
228 AM PDT FRI APR 20 2018


...................................

...THE ELY AIRPORT NV CLIMATE SUMMARY FOR APRIL 19 2018...

CLIMATE NORMAL PERIOD 1981 TO 2010
CLIMATE RECORD PERIOD 1893 TO 2018


WEATHER ITEM   OBSERVED TIME   RECORD YEAR NORMAL DEPARTURE LAST
                VALUE   (LST)  VALUE       VALUE  FROM      YEAR
                                                  NORMAL
..................................................................
TEMPERATURE (F)
 YESTERDAY
  MAXIMUM         50    423 PM  79    1994  59     -9       58
  MINIMUM         35    220 AM   8    2007  28      7       24
  AVERAGE         43                        43      0       41

PRECIPITATION (IN)
  YESTERDAY        T             0.30 1896   0.03  -0.03     0.00
  MONTH TO DATE    0.24                      0.59  -0.35     0.88
  SINCE OCT 1      3.59                      5.26  -1.67     7.52
  SINCE JAN 1      3.01                      2.97   0.04     5.74

SNOWFALL (IN)
  YESTERDAY        T             3.2  1967   0.1   -0.1      0.0
  MONTH TO DATE    0.2                       3.7   -3.5      1.4
  SINCE MAR 1     17.3                      12.0    5.3     17.2
  SINCE JUL 1     43.8                      46.9   -3.1     66.8
  SNOW DEPTH       0

DEGREE DAYS
 HEATING
  YESTERDAY       22                        22      0       24
  MONTH TO DATE  403                       455    -52      417
  SINCE MAR 1   1337                      1345     -8     1157
  SINCE JUL 1   6134                      6682   -548     6118

 COOLING
  YESTERDAY        0                         0      0        0
  MONTH TO DATE    0                         0      0        0
  SINCE MAR 1      0                         0      0        0
  SINCE JAN 1      0                         0      0        0
..................................................................


WIND (MPH)
  HIGHEST WIND SPEED    31   HIGHEST WIND DIRECTION    SE (130)
  HIGHEST GUST SPEED    36   HIGHEST GUST DIRECTION    SE (130)
  AVERAGE WIND SPEED    12.2



WEATHER CONDITIONS
 THE FOLLOWING WEATHER WAS RECORDED YESTERDAY.
  NO SIGNIFICANT WEATHER WAS OBSERVED.


RELATIVE HUMIDITY (PERCENT)
 HIGHEST    57          1200 PM
 LOWEST     25           600 AM
 AVERAGE    41

..........................................................


THE ELY AIRPORT NV CLIMATE NORMALS FOR TODAY
                         NORMAL    RECORD    YEAR
 MAXIMUM TEMPERATURE (F)   59        81      1994
 MINIMUM TEMPERATURE (F)   28         6      1966


SUNRISE AND SUNSET
APRIL 20 2018.........SUNRISE   555 AM PDT   SUNSET   722 PM PDT
APRIL 21 2018.........SUNRISE   554 AM PDT   SUNSET   723 PM PDT


-  INDICATES NEGATIVE NUMBERS.
R  INDICATES RECORD WAS SET OR TIED.
MM INDICATES DATA IS MISSING.
T  INDICATES TRACE AMOUNT.




$$
