000
CDUS46 KOTX 240841
CLIEPH


CLIMATE REPORT
NATIONAL WEATHER SERVICE SPOKANE, WA
140 AM PDT THU MAY 24 2018


...................................

...THE EPHRATA WA AIRPORT CLIMATE SUMMARY FOR MAY 23 2018...

CLIMATE NORMAL PERIOD 1981 TO 2010
CLIMATE RECORD PERIOD 9999 TO 9999


WEATHER ITEM   OBSERVED TIME   RECORD YEAR NORMAL DEPARTURE LAST
                VALUE   (LST)  VALUE       VALUE  FROM      YEAR
                                                  NORMAL
..................................................................
TEMPERATURE (F)
 YESTERDAY
  MAXIMUM         90    348 PM  98    2001  75     15       92
  MINIMUM         58    410 AM  32    1964  49      9       55
  AVERAGE         74                        62     12       74

PRECIPITATION (IN)
  YESTERDAY        0.00          0.37 1989   0.02  -0.02     0.00
  MONTH TO DATE    1.13                      0.44   0.69     0.74
  SINCE OCT 1      7.39                      6.08   1.31     9.09
  SINCE JAN 1      4.81                      3.25   1.56     5.49

SNOWFALL (IN)
  YESTERDAY       MM

DEGREE DAYS
 HEATING
  YESTERDAY        0                         5     -5        0
  MONTH TO DATE   25                       178   -153      169
  SINCE MAR 1   1103                      1302   -199     1310
  SINCE JUL 1   5337                      5875   -538     6088

 COOLING
  YESTERDAY        9                         1      8        9
  MONTH TO DATE   72                        20     52       23
  SINCE MAR 1     77                        22     55       23
  SINCE JAN 1     77                        22     55       23
..................................................................


WIND (MPH)
  HIGHEST WIND SPEED    26   HIGHEST WIND DIRECTION    SE (120)
  HIGHEST GUST SPEED    32   HIGHEST GUST DIRECTION    SE (130)
  AVERAGE WIND SPEED     6.6


SKY COVER
  POSSIBLE SUNSHINE  MM
  AVERAGE SKY COVER 0.1


WEATHER CONDITIONS
 THE FOLLOWING WEATHER WAS RECORDED YESTERDAY.
  THUNDERSTORM


RELATIVE HUMIDITY (PERCENT)
 HIGHEST    67           400 AM
 LOWEST     18           200 PM
 AVERAGE    43

..........................................................


THE EPHRATA WA AIRPORT CLIMATE NORMALS FOR TODAY
                         NORMAL    RECORD    YEAR
 MAXIMUM TEMPERATURE (F)   75        93      2001
                                             1999
 MINIMUM TEMPERATURE (F)   49        33      1989


SUNRISE AND SUNSET
MAY 24 2018...........SUNRISE   512 AM PDT   SUNSET   839 PM PDT
MAY 25 2018...........SUNRISE   511 AM PDT   SUNSET   840 PM PDT


-  INDICATES NEGATIVE NUMBERS.
R  INDICATES RECORD WAS SET OR TIED.
MM INDICATES DATA IS MISSING.
T  INDICATES TRACE AMOUNT.




$$
