000
CDUS43 KFGF 260634
CLIFAR


CLIMATE REPORT
NATIONAL WEATHER SERVICE EASTERN NORTH DAKOTA/GRAND FORKS
133 AM CDT SAT MAY 26 2018


...................................

...THE FARGO HECTOR INTL AP ND CLIMATE SUMMARY FOR MAY 25 2018...

CLIMATE NORMAL PERIOD 1981 TO 2010
CLIMATE RECORD PERIOD 1881 TO 2018


WEATHER ITEM   OBSERVED TIME   RECORD YEAR NORMAL DEPARTURE LAST
                VALUE   (LST)  VALUE       VALUE  FROM      YEAR
                                                  NORMAL
..................................................................
TEMPERATURE (F)
 YESTERDAY
  MAXIMUM         93R   419 PM  92    1959  72     21       70
  MINIMUM         60    457 AM  30    1983  48     12       50
                                      1891
  AVERAGE         77                        60     17       60

PRECIPITATION (IN)
  YESTERDAY        T             1.28 1906   0.10  -0.10     0.00
  MONTH TO DATE    1.48                      2.20  -0.72     1.01
  SINCE MAR 1      3.78                      4.86  -1.08     2.74
  SINCE JAN 1      4.82                      6.17  -1.35     4.51

SNOWFALL (IN)
  YESTERDAY        0.0          MM      MM   0.0    0.0      0.0
  MONTH TO DATE    0.0                       0.0    0.0      0.0
  SINCE MAR 1     22.8                      12.4   10.4      3.8
  SINCE JUL 1     50.0                      50.4   -0.4     33.1
  SNOW DEPTH       0

DEGREE DAYS
 HEATING
  YESTERDAY        0                         6     -6        5
  MONTH TO DATE  145                       239    -94      222
  SINCE MAR 1   2250                      2017    233     1890
  SINCE JUL 1   8897                      8695    202     7388

 COOLING
  YESTERDAY       12                         1     11        0
  MONTH TO DATE   56                        21     35       11
  SINCE MAR 1     56                        24     32       11
  SINCE JAN 1     56                        24     32       11
..................................................................


WIND (MPH)
  HIGHEST WIND SPEED    25   HIGHEST WIND DIRECTION    NW (310)
  HIGHEST GUST SPEED    35   HIGHEST GUST DIRECTION    NW (310)
  AVERAGE WIND SPEED     8.2


SKY COVER
  POSSIBLE SUNSHINE  MM
  AVERAGE SKY COVER 0.1


WEATHER CONDITIONS
 THE FOLLOWING WEATHER WAS RECORDED YESTERDAY.
  THUNDERSTORM


RELATIVE HUMIDITY (PERCENT)
 HIGHEST    84           500 AM
 LOWEST     23           400 PM
 AVERAGE    54

..........................................................


THE FARGO HECTOR INTL AP ND CLIMATE NORMALS FOR TODAY
                         NORMAL    RECORD    YEAR
 MAXIMUM TEMPERATURE (F)   72        93      1931
                                             1911
 MINIMUM TEMPERATURE (F)   49        29      1970


SUNRISE AND SUNSET
MAY 26 2018...........SUNRISE   541 AM CDT   SUNSET   908 PM CDT
MAY 27 2018...........SUNRISE   540 AM CDT   SUNSET   909 PM CDT


-  INDICATES NEGATIVE NUMBERS.
R  INDICATES RECORD WAS SET OR TIED.
MM INDICATES DATA IS MISSING.
T  INDICATES TRACE AMOUNT.




$$
