000
CDUS46 KHNX 210023
CLIFAT


CLIMATE REPORT
NATIONAL WEATHER SERVICE SAN JOAQUIN VALLEY, CA
522 PM PDT SUN MAY 20 2018


...................................

...THE FRESNO CA CLIMATE SUMMARY FOR MAY 20 2018...
VALID AS OF 0400 PM LOCAL TIME.

CLIMATE NORMAL PERIOD 1981 TO 2010
CLIMATE RECORD PERIOD 1887 TO 2018


WEATHER ITEM   OBSERVED TIME   RECORD YEAR NORMAL DEPARTURE LAST
                VALUE   (LST)  VALUE       VALUE  FROM      YEAR
                                                  NORMAL
..................................................................
TEMPERATURE (F)
 TODAY
  MAXIMUM         81    235 PM 102    1947  85     -4       94
  MINIMUM         55    520 AM  44    1962  57     -2       62
  AVERAGE         68                        71     -3       78

PRECIPITATION (IN)
  TODAY            0.00          0.65 1925   0.01  -0.01     0.00
  MONTH TO DATE    0.00                      0.31  -0.31     0.12
  SINCE OCT 1      6.73                     10.98  -4.25    17.20
  SINCE JAN 1      6.32                      7.51  -1.19    12.64

SNOWFALL (IN)
  TODAY            0.0
  MONTH TO DATE    0.0
  SINCE MAR 1      0.0
  SINCE JUL 1      0.0
  SNOW DEPTH       0

DEGREE DAYS
 HEATING
  TODAY            0                         1     -1        0
  MONTH TO DATE    4                        26    -22       26
  SINCE MAR 1    332                       427    -95      322
  SINCE JUL 1   1813                      2339   -526     1936

 COOLING
  TODAY            3                         7     -4       13
  MONTH TO DATE  117                       102     15      109
  SINCE MAR 1    205                       153     52      139
  SINCE JAN 1    205                       153     52      139
..................................................................


WIND (MPH)
  HIGHEST WIND SPEED    17   HIGHEST WIND DIRECTION    NW (320)
  HIGHEST GUST SPEED    22   HIGHEST GUST DIRECTION    NW (330)
  AVERAGE WIND SPEED     9.5




RELATIVE HUMIDITY (PERCENT)
 HIGHEST    67
 LOWEST     30
 AVERAGE    49

..........................................................


THE FRESNO CA CLIMATE NORMALS FOR TOMORROW
                         NORMAL    RECORD    YEAR
 MAXIMUM TEMPERATURE (F)   86       104      1892
 MINIMUM TEMPERATURE (F)   57        42      1975


SUNRISE AND SUNSET
MAY 20 2018...........SUNRISE   548 AM PDT   SUNSET   804 PM PDT
MAY 21 2018...........SUNRISE   547 AM PDT   SUNSET   804 PM PDT


-  INDICATES NEGATIVE NUMBERS.
R  INDICATES RECORD WAS SET OR TIED.
MM INDICATES DATA IS MISSING.
T  INDICATES TRACE AMOUNT.




$$
