000
CDUS42 KMFL 212035
CLIFLL


CLIMATE REPORT
NATIONAL WEATHER SERVICE MIAMI, FL
434 PM EDT SAT APR 21 2018


...................................

...THE FORT LAUDERDALE CLIMATE SUMMARY FOR APRIL 21 2018...
VALID TODAY AS OF 0400 PM LOCAL TIME.

CLIMATE NORMAL PERIOD 1981 TO 2010
CLIMATE RECORD PERIOD 1912 TO 2018


WEATHER ITEM   OBSERVED TIME   RECORD YEAR NORMAL DEPARTURE LAST
                VALUE   (LST)  VALUE       VALUE  FROM      YEAR
                                                  NORMAL
..................................................................
TEMPERATURE (F)
 TODAY
  MAXIMUM         84    145 PM  89    1959  83      1       82
                                      1922
  MINIMUM         74    549 AM  49    1953  70      4       73
  AVERAGE         79                        77      2       78

PRECIPITATION (IN)
  TODAY            0.00          1.60 1934   0.10  -0.10     0.00
  MONTH TO DATE    0.97                      2.18  -1.21     0.30
  SINCE NOV 1     11.72                     17.83  -6.11     9.71
  SINCE JAN 1      5.09                     12.13  -7.04     5.08

SNOWFALL (IN)
  TODAY            0.0
  MONTH TO DATE    0.0
  SINCE MAR 1      0.0
  SINCE JUL 1      0.0
  SNOW DEPTH       0

DEGREE DAYS
 HEATING
  TODAY            0                         0      0        0
  MONTH TO DATE    0                         0      0        0
  SINCE MAR 1     15                         9      6        6
  SINCE JUL 1    141                       111     30       35

 COOLING
  TODAY           14                        12      2       13
  MONTH TO DATE  251                       225     26      253
  SINCE MAR 1    437                       479    -42      506
  SINCE JAN 1    861                       835     26      962
..................................................................


WIND (MPH)
  HIGHEST WIND SPEED    15   HIGHEST WIND DIRECTION     E (100)
  HIGHEST GUST SPEED    20   HIGHEST GUST DIRECTION     E (90)
  AVERAGE WIND SPEED     9.3


SKY COVER
  AVERAGE SKY COVER 0.5


WEATHER CONDITIONS
 THE FOLLOWING WEATHER WAS RECORDED TODAY.
  NO SIGNIFICANT WEATHER WAS OBSERVED.


RELATIVE HUMIDITY (PERCENT)
 HIGHEST    87
 LOWEST     62
 AVERAGE    75

..........................................................


THE FORT LAUDERDALE CLIMATE NORMALS FOR TOMORROW
                         NORMAL    RECORD    YEAR
 MAXIMUM TEMPERATURE (F)   83        95      1935
 MINIMUM TEMPERATURE (F)   71        50      1940


SUNRISE AND SUNSET
APRIL 21 2018.........SUNRISE   652 AM EDT   SUNSET   747 PM EDT
APRIL 22 2018.........SUNRISE   651 AM EDT   SUNSET   748 PM EDT


-  INDICATES NEGATIVE NUMBERS.
R  INDICATES RECORD WAS SET OR TIED.
MM INDICATES DATA IS MISSING.
T  INDICATES TRACE AMOUNT.




$$
