000
CDUS42 KILM 210840
CLIFLO


CLIMATE REPORT
NATIONAL WEATHER SERVICE WILMINGTON NC
440 AM EDT SAT APR 21 2018


...................................

...THE FLORENCE SOUTH  CAROLINA CLIMATE SUMMARY FOR APRIL 20 2018...

CLIMATE NORMAL PERIOD 1981 TO 2010
CLIMATE RECORD PERIOD 1948 TO 2018


WEATHER ITEM   OBSERVED TIME   RECORD YEAR NORMAL DEPARTURE LAST
                VALUE   (LST)  VALUE       VALUE  FROM      YEAR
                                                  NORMAL
..................................................................
TEMPERATURE (F)
 YESTERDAY
  MAXIMUM         69    453 PM  93    2002  77     -8       85
  MINIMUM         40    545 AM  27    1983  52    -12       60
  AVERAGE         55                        64     -9       73

PRECIPITATION (IN)
  YESTERDAY        0.00          1.19 1982   0.09  -0.09     0.00
  MONTH TO DATE    3.48                      1.72   1.76     2.81
  SINCE MAR 1      6.38                      5.05   1.33     4.41
  SINCE JAN 1      9.42                     11.20  -1.78     9.28

SNOWFALL (IN)
  YESTERDAY       MM            MM      MM   0.0
  MONTH TO DATE   MM                         0.0
  SINCE MAR 1     MM                         0.1
  SINCE JUL 1     MM                         1.5
  SNOW DEPTH      MM

DEGREE DAYS
 HEATING
  YESTERDAY       10                         3      7        0
  MONTH TO DATE  121                        98     23       40
  SINCE MAR 1    504                       408     96      371
  SINCE JUL 1   2398                      2474    -76     1816

 COOLING
  YESTERDAY        0                         3     -3        8
  MONTH TO DATE   35                        38     -3       59
  SINCE MAR 1     42                        56    -14       99
  SINCE JAN 1     94                        62     32      112
..................................................................


WIND (MPH)
  RESULTANT WIND SPEED   6   RESULTANT WIND DIRECTION  NE (30)
  HIGHEST WIND SPEED    16   HIGHEST WIND DIRECTION    NE (30)
  HIGHEST GUST SPEED    22   HIGHEST GUST DIRECTION    NW (320)
  AVERAGE WIND SPEED     5.6


SKY COVER
  POSSIBLE SUNSHINE  MM
  AVERAGE SKY COVER 0.0


WEATHER CONDITIONS
 THE FOLLOWING WEATHER WAS RECORDED YESTERDAY.
  NO SIGNIFICANT WEATHER WAS OBSERVED.


RELATIVE HUMIDITY (PERCENT)
 HIGHEST    77          1000 PM
 LOWEST     22           300 PM
 AVERAGE    50

..........................................................


THE FLORENCE SOUTH  CAROLINA CLIMATE NORMALS FOR TODAY
                         NORMAL    RECORD    YEAR
 MAXIMUM TEMPERATURE (F)   77        93      2002
 MINIMUM TEMPERATURE (F)   52        33      1983


SUNRISE AND SUNSET
APRIL 21 2018.........SUNRISE   640 AM EDT   SUNSET   755 PM EDT
APRIL 22 2018.........SUNRISE   639 AM EDT   SUNSET   756 PM EDT


-  INDICATES NEGATIVE NUMBERS.
R  INDICATES RECORD WAS SET OR TIED.
MM INDICATES DATA IS MISSING.
T  INDICATES TRACE AMOUNT.




$$
