000
CDUS41 KPHI 250554
CLIGED


CLIMATE REPORT
NATIONAL WEATHER SERVICE MOUNT HOLLY NJ
154 AM EDT FRI MAY 25 2018


...................................

...THE GEORGETOWN DE CLIMATE SUMMARY FOR MAY 24 2018...

CLIMATE NORMAL PERIOD 1981 TO 2010
CLIMATE RECORD PERIOD 1948 TO 2018


WEATHER ITEM   OBSERVED TIME   RECORD YEAR NORMAL DEPARTURE LAST
                VALUE   (LST)  VALUE       VALUE  FROM      YEAR
                                                  NORMAL
..................................................................
TEMPERATURE (F)
 YESTERDAY
  MAXIMUM         82    225 PM  93    1964  76      6       67
  MINIMUM         61   1107 PM  37    1963  55      6       56
  AVERAGE         72                        66      6       62

PRECIPITATION (IN)
  YESTERDAY        0.00          1.44 1951   0.14  -0.14     0.18
  MONTH TO DATE    5.89                      2.64   3.25     3.70
  SINCE MAR 1     13.10                     10.32   2.78    10.55
  SINCE JAN 1     19.92                     16.03   3.89    14.79

DEGREE DAYS
 HEATING
  YESTERDAY        0                         3     -3        3
  MONTH TO DATE   25                       121    -96      109
  SINCE MAR 1   1099                      1101     -2      890
  SINCE JUL 1   4057                      4381   -324     3575

 COOLING
  YESTERDAY        7                         3      4        0
  MONTH TO DATE  118                        47     71       57
  SINCE MAR 1    133                        67     66      125
  SINCE JAN 1    140                        67     73      125
..................................................................


WIND (MPH)
  HIGHEST WIND SPEED    13   HIGHEST WIND DIRECTION    SE (130)
  HIGHEST GUST SPEED    17   HIGHEST GUST DIRECTION    NE (40)
  AVERAGE WIND SPEED     5.2


SKY COVER
  POSSIBLE SUNSHINE  MM
  AVERAGE SKY COVER 0.0


WEATHER CONDITIONS
 THE FOLLOWING WEATHER WAS RECORDED YESTERDAY.
  NO SIGNIFICANT WEATHER WAS OBSERVED.


RELATIVE HUMIDITY (PERCENT)
 HIGHEST    84          1200 AM
 LOWEST     30           100 PM
 AVERAGE    57

..........................................................


THE GEORGETOWN DE CLIMATE NORMALS FOR TODAY
                         NORMAL    RECORD    YEAR
 MAXIMUM TEMPERATURE (F)   76        91      1964
 MINIMUM TEMPERATURE (F)   56        35      1956


SUNRISE AND SUNSET
MAY 25 2018...........SUNRISE   542 AM EDT   SUNSET   815 PM EDT
MAY 26 2018...........SUNRISE   541 AM EDT   SUNSET   816 PM EDT


-  INDICATES NEGATIVE NUMBERS.
R  INDICATES RECORD WAS SET OR TIED.
MM INDICATES DATA IS MISSING.
T  INDICATES TRACE AMOUNT.




$$
