568
CDUS45 KRIW 240040
CLIGEY


CLIMATE REPORT
NATIONAL WEATHER SERVICE RIVERTON WY
637 PM MDT WED MAY 23 2018


...................................

...THE GREYBULL WY CLIMATE SUMMARY FOR MAY 23 2018...
VALID TODAY AS OF 0500 PM LOCAL TIME.

CLIMATE NORMAL PERIOD 1981 TO 2010
CLIMATE RECORD PERIOD 1998 TO 2018


WEATHER ITEM   OBSERVED TIME   RECORD YEAR NORMAL DEPARTURE LAST
                VALUE   (LST)  VALUE       VALUE  FROM      YEAR
                                                  NORMAL
..................................................................
TEMPERATURE (F)
 TODAY
  MAXIMUM         70        MM  86    2014  73     -3       74
  MINIMUM         55        MM  33    2002  45     10       36
  AVERAGE         63

PRECIPITATION (IN)
  TODAY            0.24          0.73 2006   0.06   0.18     0.00
  MONTH TO DATE    1.27                      1.07   0.20     0.50
  SINCE MAR 1      2.47                      2.18   0.29     1.31
  SINCE JAN 1      2.74                      2.59   0.15     1.52

DEGREE DAYS
 HEATING
  TODAY            2                         7     -5       10
  MONTH TO DATE  140                       233    -93      194
  SINCE MAR 1   1620                      1661    -41     1355
  SINCE JUL 1   7807                      7632    175     7396

 COOLING
  TODAY            0                         1     -1        0
  MONTH TO DATE    6                         8     -2        8
  SINCE MAR 1      6                         9     -3        8
  SINCE JAN 1      6                         9     -3        8
..................................................................


WIND (MPH)
  HIGHEST WIND SPEED    14   HIGHEST WIND DIRECTION    NW (310)
  HIGHEST GUST SPEED    31   HIGHEST GUST DIRECTION     W (250)
  AVERAGE WIND SPEED     7.3


SKY COVER
  POSSIBLE SUNSHINE  MM
  AVERAGE SKY COVER 0.8


WEATHER CONDITIONS
 THE FOLLOWING WEATHER WAS RECORDED TODAY.
  RAIN
  LIGHT RAIN
  FOG


RELATIVE HUMIDITY (PERCENT)
 HIGHEST   100           100 AM
 LOWEST     53           100 PM
 AVERAGE    77

..........................................................


THE GREYBULL WY CLIMATE NORMALS FOR TOMORROW
                         NORMAL    RECORD    YEAR
 MAXIMUM TEMPERATURE (F)   73        88      2017
 MINIMUM TEMPERATURE (F)   45        27      2002


SUNRISE AND SUNSET
MAY 23 2018...........SUNRISE   537 AM MDT   SUNSET   842 PM MDT
MAY 24 2018...........SUNRISE   536 AM MDT   SUNSET   843 PM MDT


-  INDICATES NEGATIVE NUMBERS.
R  INDICATES RECORD WAS SET OR TIED.
MM INDICATES DATA IS MISSING.
T  INDICATES TRACE AMOUNT.




$$
