000
CDUS45 KGJT 190737
CLIGJT


CLIMATE REPORT
NATIONAL WEATHER SERVICE GRAND JUNCTION CO
134 AM MDT THU APR 19 2018


...................................

...THE GRAND JUNCTION CO CLIMATE SUMMARY FOR APRIL 18 2018...

CLIMATE NORMAL PERIOD 1981 TO 2010
CLIMATE RECORD PERIOD 1893 TO 2018


WEATHER ITEM   OBSERVED TIME   RECORD YEAR NORMAL DEPARTURE LAST
                VALUE   (LST)  VALUE       VALUE  FROM      YEAR
                                                  NORMAL
..................................................................
TEMPERATURE (F)
 YESTERDAY
  MAXIMUM         60    421 PM  84    1946  66     -6       81
  MINIMUM         27    437 AM  22    1922  39    -12       51
  AVERAGE         44                        52     -8       66

PRECIPITATION (IN)
  YESTERDAY        0.00          0.37 1975   0.03  -0.03     0.00
  MONTH TO DATE    0.64                      0.57   0.07     0.14
  SINCE MAR 1      1.23                      1.49  -0.26     0.53
  SINCE JAN 1      2.71                      2.61   0.10     2.08

SNOWFALL (IN)
  YESTERDAY        0.0           3.6  1975   0.0    0.0      0.0
  MONTH TO DATE    0.0                       0.8   -0.8      0.0
  SINCE MAR 1      0.2                       3.4   -3.2       T
  SINCE JUL 1      9.0                      18.9   -9.9     13.9
  SNOW DEPTH       0

DEGREE DAYS
 HEATING
  YESTERDAY       21                        13      8        0
  MONTH TO DATE  236                       273    -37      208
  SINCE MAR 1    848                       926    -78      648
  SINCE JUL 1   4818                      5305   -487     4295

 COOLING
  YESTERDAY        0                         0      0        1
  MONTH TO DATE    0                         0      0        1
  SINCE MAR 1      0                         0      0        1
  SINCE JAN 1      0                         0      0        1
..................................................................


WIND (MPH)
  HIGHEST WIND SPEED    18   HIGHEST WIND DIRECTION    SE (140)
  HIGHEST GUST SPEED    22   HIGHEST GUST DIRECTION    SE (130)
  AVERAGE WIND SPEED     6.0


SKY COVER
  POSSIBLE SUNSHINE  MM
  AVERAGE SKY COVER 0.0


WEATHER CONDITIONS
 THE FOLLOWING WEATHER WAS RECORDED YESTERDAY.
  NO SIGNIFICANT WEATHER WAS OBSERVED.


RELATIVE HUMIDITY (PERCENT)
 HIGHEST    63           300 AM
 LOWEST     12           400 PM
 AVERAGE    38

..........................................................


THE GRAND JUNCTION CO CLIMATE NORMALS FOR TODAY
                         NORMAL    RECORD    YEAR
 MAXIMUM TEMPERATURE (F)   66        86      1962
 MINIMUM TEMPERATURE (F)   39        25      2013


SUNRISE AND SUNSET
APRIL 19 2018.........SUNRISE   632 AM MDT   SUNSET   756 PM MDT
APRIL 20 2018.........SUNRISE   630 AM MDT   SUNSET   756 PM MDT


-  INDICATES NEGATIVE NUMBERS.
R  INDICATES RECORD WAS SET OR TIED.
MM INDICATES DATA IS MISSING.
T  INDICATES TRACE AMOUNT.




$$
