000
CDUS43 KGLD 220740
CLIGLD

CLIMATE REPORT
NATIONAL WEATHER SERVICE GOODLAND
138 AM MDT TUE MAY 22 2018

...................................

...THE GOODLAND KS CLIMATE SUMMARY FOR MAY 21 2018...

CLIMATE NORMAL PERIOD 1981 TO 2010
CLIMATE RECORD PERIOD 1895 TO 2018

WEATHER ITEM   OBSERVED TIME   RECORD YEAR NORMAL DEPARTURE LAST
                VALUE   (LST)  VALUE       VALUE  FROM      YEAR
                                                  NORMAL
..................................................................
TEMPERATURE (F)
 YESTERDAY
  MAXIMUM         81    256 PM  97    1925  75      6       70
  MINIMUM         47    141 AM  28    1915  48     -1       40
  AVERAGE         64                        61      3       55

PRECIPITATION (IN)
  YESTERDAY        0.00          1.35 1944   0.10  -0.10     0.40
  MONTH TO DATE    3.43                      1.83   1.60     5.38
  SINCE MAR 1      5.32                      4.49   0.83     9.18
  SINCE JAN 1      6.61                      5.36   1.25    10.11

SNOWFALL (IN)
  YESTERDAY        0.0                       0.0    0.0      0.0
  MONTH TO DATE    0.0                       0.5   -0.5       T
  SINCE MAR 1      4.8                      11.5   -6.7      4.8
  SINCE JUL 1     25.3                      35.5  -10.2     14.2
  SNOW DEPTH       0

DEGREE DAYS
 HEATING
  YESTERDAY        1                         5     -4       10
  MONTH TO DATE   93                       170    -77      170
  SINCE MAR 1   1354                      1408    -54     1181
  SINCE JUL 1   5599                      5825   -226     5066

 COOLING
  YESTERDAY        0                         1     -1        0
  MONTH TO DATE   16                        19     -3       25
  SINCE MAR 1     21                        23     -2       32
  SINCE JAN 1     21                        23     -2       32
..................................................................

WIND (MPH)
  HIGHEST WIND SPEED    28   HIGHEST WIND DIRECTION     S (190)
  HIGHEST GUST SPEED    40   HIGHEST GUST DIRECTION     S (180)
  AVERAGE WIND SPEED    14.8


SKY COVER
  AVERAGE SKY COVER 0.3


WEATHER CONDITIONS
 THE FOLLOWING WEATHER WAS RECORDED YESTERDAY.
  FOG
  FOG W/VISIBILITY <= 1/4 MILE


RELATIVE HUMIDITY (PERCENT)
 HIGHEST   100
 LOWEST     42
 AVERAGE    71

..........................................................


THE GOODLAND KS CLIMATE NORMALS FOR TODAY
                         NORMAL    RECORD    YEAR
 MAXIMUM TEMPERATURE (F)   75        97      1939
 MINIMUM TEMPERATURE (F)   48        30      1945
                                             1931


SUNRISE AND SUNSET
MAY 22 2018...........SUNRISE   527 AM MDT   SUNSET   800 PM MDT
MAY 23 2018...........SUNRISE   527 AM MDT   SUNSET   801 PM MDT


-  INDICATES NEGATIVE NUMBERS.
R  INDICATES RECORD WAS SET OR TIED.
MM INDICATES DATA IS MISSING.
T  INDICATES TRACE AMOUNT.

&&

THE AVERAGE SOIL TEMPERATURE AT THE FOUR INCH DEPTH... 58

$$
