000
CDUS44 KJAN 220633
CLIGLH


CLIMATE REPORT
NATIONAL WEATHER SERVICE JACKSON MS
129 AM CDT TUE MAY 22 2018


...................................

...THE GREENVILLE CLIMATE SUMMARY FOR MAY 21 2018...

CLIMATE NORMAL PERIOD 1981 TO 2010
CLIMATE RECORD PERIOD 1903 TO 2018


WEATHER ITEM   OBSERVED TIME   RECORD YEAR NORMAL DEPARTURE LAST
                VALUE   (LST)  VALUE       VALUE  FROM      YEAR
                                                  NORMAL
..................................................................
TEMPERATURE (F)
 YESTERDAY
  MAXIMUM         89    214 PM  95    1987  84      5       75
  MINIMUM         68   1143 PM  48    1993  64      4       62
  AVERAGE         79                        74      5       69

PRECIPITATION (IN)
  YESTERDAY        0.30          1.46 2013   0.15   0.15     0.03
  MONTH TO DATE    1.47                      3.62  -2.15     0.81
  SINCE MAR 1     12.04                     12.98  -0.94     7.47
  SINCE JAN 1     25.03                     22.97   2.06    15.50

SNOWFALL (IN)
  YESTERDAY        0.0

DEGREE DAYS
 HEATING
  YESTERDAY        0                         0      0        0
  MONTH TO DATE    0                        10    -10       17
  SINCE MAR 1    464                       462      2      294
  SINCE JUL 1   2677                      2771    -94     1827

 COOLING
  YESTERDAY       14                         9      5        4
  MONTH TO DATE  237                       138     99      133
  SINCE MAR 1    273                       219     54      299
  SINCE JAN 1    295                       224     71      328
..................................................................


WIND (MPH)
  HIGHEST WIND SPEED    36   HIGHEST WIND DIRECTION    NW (320)
  HIGHEST GUST SPEED    45   HIGHEST GUST DIRECTION    NW (330)
  AVERAGE WIND SPEED     5.8


SKY COVER
  POSSIBLE SUNSHINE  MM
  AVERAGE SKY COVER 0.4


WEATHER CONDITIONS
 THE FOLLOWING WEATHER WAS RECORDED YESTERDAY.
  THUNDERSTORM
  HEAVY RAIN
  RAIN
  LIGHT RAIN
  FOG
  HAZE


RELATIVE HUMIDITY (PERCENT)
 HIGHEST    93          1000 PM
 LOWEST     50           100 PM
 AVERAGE    72

..........................................................


THE GREENVILLE CLIMATE NORMALS FOR TODAY
                         NORMAL    RECORD    YEAR
 MAXIMUM TEMPERATURE (F)   84        94      1972
                                             1970
                                             1956
 MINIMUM TEMPERATURE (F)   64        49      1929


SUNRISE AND SUNSET
MAY 22 2018...........SUNRISE   559 AM CDT   SUNSET   802 PM CDT
MAY 23 2018...........SUNRISE   559 AM CDT   SUNSET   803 PM CDT


-  INDICATES NEGATIVE NUMBERS.
R  INDICATES RECORD WAS SET OR TIED.
MM INDICATES DATA IS MISSING.
T  INDICATES TRACE AMOUNT.




$$
