750
CDUS44 KHGX 232120
CLIGLS


CLIMATE REPORT
NATIONAL WEATHER SERVICE HOUSTON/GALVESTON TX
418 PM CDT WED MAY 23 2018


...................................

...THE GALVESTON CLIMATE SUMMARY FOR MAY 23 2018...
VALID TODAY AS OF 400 PM LOCAL TIME.

CLIMATE NORMAL PERIOD 1981 TO 2010
CLIMATE RECORD PERIOD 1875 TO 2018


WEATHER ITEM   OBSERVED TIME   RECORD YEAR NORMAL DEPARTURE LAST
                VALUE   (LST)  VALUE       VALUE  FROM      YEAR
                                                  NORMAL
..................................................................
TEMPERATURE (F)
 TODAY
  MAXIMUM         86   1141 AM  90    1877  85      1       83
  MINIMUM         77    429 AM  59    1892  74      3       69
  AVERAGE         82                        79      3       76

PRECIPITATION (IN)
  TODAY            0.09          1.76 1947   0.17  -0.08     0.58
  MONTH TO DATE    0.44                      2.66  -2.22     3.93
  SINCE MAR 1      3.67                      8.87  -5.20     6.56
  SINCE JAN 1      7.83                     15.64  -7.81    10.83

SNOWFALL (IN)
  TODAY            0.0          MM      MM  MM     MM        0.0
  MONTH TO DATE    0.0                      MM     MM        0.0
  SINCE MAR 1      0.0                      MM     MM        0.0
  SINCE JUL 1      T                         0.0    0.0      0.0
  SNOW DEPTH       0

DEGREE DAYS
 HEATING
  TODAY            0                         0      0        0
  MONTH TO DATE    0                         0      0        0
  SINCE MAR 1     39                       121    -82       18
  SINCE JUL 1    816                      1009   -193      328

 COOLING
  TODAY           17                        14      3       11
  MONTH TO DATE  336                       271     65      312
  SINCE MAR 1    655                       497    158      818
  SINCE JAN 1    756                       514    242      996
..................................................................


WIND (MPH)
  RESULTANT WIND SPEED   9   RESULTANT WIND DIRECTION  SE (120)
  HIGHEST WIND SPEED    17   HIGHEST WIND DIRECTION    SE (140)
  HIGHEST GUST SPEED    21   HIGHEST GUST DIRECTION    SE (130)
  AVERAGE WIND SPEED     9.4


SKY COVER
  AVERAGE SKY COVER 0.3


WEATHER CONDITIONS
 THE FOLLOWING WEATHER WAS RECORDED TODAY.
  THUNDERSTORM
  LIGHT RAIN
  FOG
  HAZE


RELATIVE HUMIDITY (PERCENT)
 HIGHEST    91          1200 AM
 LOWEST     70          1100 AM
 AVERAGE    81

..........................................................


THE GALVESTON CLIMATE NORMALS FOR TOMORROW
                         NORMAL    RECORD    YEAR
 MAXIMUM TEMPERATURE (F)   85        91      1988
                                             1877
 MINIMUM TEMPERATURE (F)   74        62      1940
                                             1919
                                             1910


SUNRISE AND SUNSET
MAY 23 2018...........SUNRISE   623 AM CDT   SUNSET   809 PM CDT
MAY 24 2018...........SUNRISE   623 AM CDT   SUNSET   810 PM CDT


-  INDICATES NEGATIVE NUMBERS.
R  INDICATES RECORD WAS SET OR TIED.
MM INDICATES DATA IS MISSING.
T  INDICATES TRACE AMOUNT.




$$
