000
CDUS42 KJAX 210537
CLIGNV


CLIMATE REPORT
NATIONAL WEATHER SERVICE JACKSONVILLE FL
137 AM EDT MON MAY 21 2018


...................................

...THE GAINESVILLE CLIMATE SUMMARY FOR MAY 20 2018...

CLIMATE NORMAL PERIOD 1981 TO 2010
CLIMATE RECORD PERIOD 1890 TO 2018


WEATHER ITEM   OBSERVED TIME   RECORD YEAR NORMAL DEPARTURE LAST
                VALUE   (LST)  VALUE       VALUE  FROM      YEAR
                                                  NORMAL
..................................................................
TEMPERATURE (F)
 YESTERDAY
  MAXIMUM         76    302 PM  97    1938  88    -12       96
                                      1913
  MINIMUM         70    605 AM  48    2007  64      6       71
                                      1894
  AVERAGE         73                        76     -3       84

PRECIPITATION (IN)
  YESTERDAY        0.84          3.42 1985   0.08   0.76     0.00
                                      1959
  MONTH TO DATE    3.69                      1.32   2.37     0.28
  SINCE MAR 1     13.59                      8.32   5.27     3.69
  SINCE JAN 1     19.49                     14.83   4.66     5.53

SNOWFALL (IN)
  YESTERDAY        0.0           0.0    MM   0.0    0.0      0.0
  MONTH TO DATE    0.0                       0.0    0.0      0.0
  SINCE MAR 1      0.0                       0.0    0.0      0.0
  SINCE JUL 1      0.0                       0.0    0.0      0.0
  SNOW DEPTH       0

DEGREE DAYS
 HEATING
  YESTERDAY        0                         0      0        0
  MONTH TO DATE    0                         0      0        0
  SINCE MAR 1    201                       180     21      143
  SINCE JUL 1   1104                      1214   -110      646

 COOLING
  YESTERDAY        8                        11     -3       19
  MONTH TO DATE  187                       172     15      206
  SINCE MAR 1    392                       347     45      461
  SINCE JAN 1    520                       379    141      545
..................................................................


WIND (MPH)
  HIGHEST WIND SPEED    15   HIGHEST WIND DIRECTION     E (100)
  HIGHEST GUST SPEED    19   HIGHEST GUST DIRECTION     E (80)
  AVERAGE WIND SPEED     4.9


SKY COVER
  POSSIBLE SUNSHINE  MM
  AVERAGE SKY COVER 0.8


WEATHER CONDITIONS
 THE FOLLOWING WEATHER WAS RECORDED YESTERDAY.
  HEAVY RAIN
  RAIN
  LIGHT RAIN
  FOG
  HAZE


RELATIVE HUMIDITY (PERCENT)
 HIGHEST    93          1100 PM
 LOWEST     82           200 PM
 AVERAGE    88

..........................................................


THE GAINESVILLE CLIMATE NORMALS FOR TODAY
                         NORMAL    RECORD    YEAR
 MAXIMUM TEMPERATURE (F)   88       100      1938
 MINIMUM TEMPERATURE (F)   64        50      1894


SUNRISE AND SUNSET
MAY 21 2018...........SUNRISE   633 AM EDT   SUNSET   819 PM EDT
MAY 22 2018...........SUNRISE   633 AM EDT   SUNSET   819 PM EDT


-  INDICATES NEGATIVE NUMBERS.
R  INDICATES RECORD WAS SET OR TIED.
MM INDICATES DATA IS MISSING.
T  INDICATES TRACE AMOUNT.




$$
