000
CDUS43 KGRR 272134
CLIGRR


CLIMATE REPORT
NATIONAL WEATHER SERVICE GRAND RAPIDS, MI
531 PM EDT SUN MAY 27 2018


...................................

...THE GRAND RAPIDS MI CLIMATE SUMMARY FOR MAY 27 2018...
VALID TODAY AS OF 0500 PM LOCAL TIME.

CLIMATE NORMAL PERIOD 1981 TO 2010
CLIMATE RECORD PERIOD 1892 TO 2018


WEATHER ITEM   OBSERVED TIME   RECORD YEAR NORMAL DEPARTURE LAST
                VALUE   (LST)  VALUE       VALUE  FROM      YEAR
                                                  NORMAL
..................................................................
TEMPERATURE (F)
 TODAY
  MAXIMUM         93R   337 PM  92    1911  73     20       77
  MINIMUM         61    549 AM  30    1961  51     10       56
  AVERAGE         77                        62     15       67

PRECIPITATION (IN)
  TODAY            0.00          1.12 1982   0.12  -0.12     0.00
  MONTH TO DATE    4.25                      3.47   0.78     1.37
  SINCE MAR 1      8.26                      9.19  -0.93    10.91
  SINCE JAN 1     15.31                     13.07   2.24    16.47

SNOWFALL (IN)
  TODAY            0.0           T    1907   0.0    0.0      0.0
  MONTH TO DATE    0.0                       0.0    0.0      0.0
  SINCE MAR 1     10.9                      10.1    0.8      5.1
  SINCE JUL 1     77.7                      74.9    2.8     60.1
  SNOW DEPTH       0

DEGREE DAYS
 HEATING
  TODAY            0                         5     -5        0
  MONTH TO DATE  105                       218   -113      234
  SINCE MAR 1   1788                      1646    142     1546
  SINCE JUL 1   6444                      6423     21     5600

 COOLING
  TODAY           12                         2     10        2
  MONTH TO DATE   52                        29     23       23
  SINCE MAR 1     52                        37     15       28
  SINCE JAN 1     52                        37     15       28
..................................................................


WIND (MPH)
  RESULTANT WIND SPEED   3   RESULTANT WIND DIRECTION  SW (230)
  HIGHEST WIND SPEED    15   HIGHEST WIND DIRECTION     W (280)
  HIGHEST GUST SPEED    21   HIGHEST GUST DIRECTION     W (250)
  AVERAGE WIND SPEED     5.7


SKY COVER
  AVERAGE SKY COVER 0.2


WEATHER CONDITIONS
 THE FOLLOWING WEATHER WAS RECORDED TODAY.
  NO SIGNIFICANT WEATHER WAS OBSERVED.


RELATIVE HUMIDITY (PERCENT)
 HIGHEST    97           500 AM
 LOWEST     38           200 PM
 AVERAGE    68

..........................................................


THE GRAND RAPIDS MI CLIMATE NORMALS FOR TOMORROW
                         NORMAL    RECORD    YEAR
 MAXIMUM TEMPERATURE (F)   73        92      1978
                                             1977
 MINIMUM TEMPERATURE (F)   52        33      1949
                                             1894


SUNRISE AND SUNSET
MAY 27 2018...........SUNRISE   609 AM EDT   SUNSET   910 PM EDT
MAY 28 2018...........SUNRISE   608 AM EDT   SUNSET   911 PM EDT


-  INDICATES NEGATIVE NUMBERS.
R  INDICATES RECORD WAS SET OR TIED.
MM INDICATES DATA IS MISSING.
T  INDICATES TRACE AMOUNT.




$$

63
