000
CDUS42 KRAH 270824
CLIGSO


CLIMATE REPORT
NATIONAL WEATHER SERVICE RALEIGH NC
422 AM EDT FRI APR 27 2018


...................................

...THE PIEDMONT TRIAD INTL AIRPORT NC CLIMATE SUMMARY FOR APRIL 26 2018...

CLIMATE NORMAL PERIOD 1981 TO 2010
CLIMATE RECORD PERIOD 1903 TO 2018


WEATHER ITEM   OBSERVED TIME   RECORD YEAR NORMAL DEPARTURE LAST
                VALUE   (LST)  VALUE       VALUE  FROM      YEAR
                                                  NORMAL
..................................................................
TEMPERATURE (F)
 YESTERDAY
  MAXIMUM         70    126 PM  93    1925  73     -3       80
  MINIMUM         50    401 AM  31    1919  50      0       53
  AVERAGE         60                        62     -2       67

PRECIPITATION (IN)
  YESTERDAY        0.32          1.59 1978   0.12   0.20     0.00
  MONTH TO DATE    4.43                      3.13   1.30     5.62
  SINCE MAR 1      8.75                      6.86   1.89     8.18
  SINCE JAN 1     14.96                     12.88   2.08    13.79

SNOWFALL (IN)
  YESTERDAY        0.0           0.0    MM   0.0    0.0      0.0
  MONTH TO DATE    T                         0.1   -0.1      0.0
  SINCE MAR 1      5.0                       0.9    4.1       T
  SINCE JUL 1     14.7                       7.6    7.1      8.0
  SNOW DEPTH       0

DEGREE DAYS
 HEATING
  YESTERDAY        5                         5      0        0
  MONTH TO DATE  231                       202     29      116
  SINCE MAR 1    836                       672    164      552
  SINCE JUL 1   3535                      3527      8     2722

 COOLING
  YESTERDAY        0                         2     -2        2
  MONTH TO DATE   11                        29    -18       50
  SINCE MAR 1     13                        34    -21       58
  SINCE JAN 1     21                        34    -13       62
..................................................................


WIND (MPH)
  HIGHEST WIND SPEED    17   HIGHEST WIND DIRECTION    NW (310)
  HIGHEST GUST SPEED    21   HIGHEST GUST DIRECTION    NW (310)
  AVERAGE WIND SPEED     4.3


SKY COVER
  POSSIBLE SUNSHINE  MM
  AVERAGE SKY COVER 0.8


WEATHER CONDITIONS
 THE FOLLOWING WEATHER WAS RECORDED YESTERDAY.
  HEAVY RAIN
  LIGHT RAIN
  FOG
  FOG W/VISIBILITY <= 1/4 MILE


RELATIVE HUMIDITY (PERCENT)
 HIGHEST   100           800 PM
 LOWEST     48          1200 PM
 AVERAGE    74

..........................................................


THE PIEDMONT TRIAD INTL AIRPORT NC CLIMATE NORMALS FOR TODAY
                         NORMAL    RECORD    YEAR
 MAXIMUM TEMPERATURE (F)   73        94      1915
 MINIMUM TEMPERATURE (F)   50        32      1930


SUNRISE AND SUNSET
APRIL 27 2018.........SUNRISE   632 AM EDT   SUNSET   804 PM EDT
APRIL 28 2018.........SUNRISE   630 AM EDT   SUNSET   805 PM EDT


-  INDICATES NEGATIVE NUMBERS.
R  INDICATES RECORD WAS SET OR TIED.
MM INDICATES DATA IS MISSING.
T  INDICATES TRACE AMOUNT.




$$
