000
CDUS44 KJAN 220633
CLIHBG


CLIMATE REPORT
NATIONAL WEATHER SERVICE JACKSON MS
129 AM CDT TUE MAY 22 2018


...................................

...THE HATTIESBURG CLIMATE SUMMARY FOR MAY 21 2018...

CLIMATE NORMAL PERIOD 1981 TO 2010
CLIMATE RECORD PERIOD 1948 TO 2018


WEATHER ITEM   OBSERVED TIME   RECORD YEAR NORMAL DEPARTURE LAST
                VALUE   (LST)  VALUE       VALUE  FROM      YEAR
                                                  NORMAL
..................................................................
TEMPERATURE (F)
 YESTERDAY
  MAXIMUM         89    243 PM  95    1956  87      2       81
  MINIMUM         70    633 AM  46    1954  63      7       65
  AVERAGE         80                        75      5       73

PRECIPITATION (IN)
  YESTERDAY        T             2.02 1989   0.17  -0.17     0.31
  MONTH TO DATE    0.32                      3.33  -3.01     3.18
  SINCE MAR 1     11.22                     13.76  -2.54    15.20
  SINCE JAN 1     23.65                     24.89  -1.24    26.80

SNOWFALL (IN)
  YESTERDAY        0.0

DEGREE DAYS
 HEATING
  YESTERDAY        0                         0      0        0
  MONTH TO DATE    0                         5     -5       14
  SINCE MAR 1    313                       305      8      190
  SINCE JUL 1   1888                      1983    -95     1157

 COOLING
  YESTERDAY       15                        10      5        8
  MONTH TO DATE  230                       164     66      141
  SINCE MAR 1    304                       289     15      367
  SINCE JAN 1    386                       304     82      436
..................................................................


WIND (MPH)
  HIGHEST WIND SPEED    12   HIGHEST WIND DIRECTION     E (100)
  HIGHEST GUST SPEED    22   HIGHEST GUST DIRECTION     E (110)
  AVERAGE WIND SPEED     2.9


SKY COVER
  POSSIBLE SUNSHINE  MM
  AVERAGE SKY COVER 0.4


WEATHER CONDITIONS
 THE FOLLOWING WEATHER WAS RECORDED YESTERDAY.
  LIGHT RAIN
  FOG
  FOG W/VISIBILITY <= 1/4 MILE


RELATIVE HUMIDITY (PERCENT)
 HIGHEST   100           100 AM
 LOWEST     55          1200 PM
 AVERAGE    78

..........................................................


THE HATTIESBURG CLIMATE NORMALS FOR TODAY
                         NORMAL    RECORD    YEAR
 MAXIMUM TEMPERATURE (F)   87        98      1956
 MINIMUM TEMPERATURE (F)   64        44      2002


SUNRISE AND SUNSET
MAY 22 2018...........SUNRISE   557 AM CDT   SUNSET   751 PM CDT
MAY 23 2018...........SUNRISE   557 AM CDT   SUNSET   751 PM CDT


-  INDICATES NEGATIVE NUMBERS.
R  INDICATES RECORD WAS SET OR TIED.
MM INDICATES DATA IS MISSING.
T  INDICATES TRACE AMOUNT.




$$
