000
CDUS41 KLWX 260537
CLIHGR


CLIMATE REPORT
NATIONAL WEATHER SERVICE BALTIMORE MD/WASHINGTON DC
134 AM EDT SAT MAY 26 2018


...................................

...THE HAGERSTOWN MD CLIMATE SUMMARY FOR MAY 25 2018...

CLIMATE NORMAL PERIOD 1981 TO 2010
CLIMATE RECORD PERIOD 1998 TO 2018


WEATHER ITEM   OBSERVED TIME   RECORD YEAR NORMAL DEPARTURE LAST
                VALUE   (LST)  VALUE       VALUE  FROM      YEAR
                                                  NORMAL
..................................................................
TEMPERATURE (F)
 YESTERDAY
  MAXIMUM         88    439 PM  MM      MM  75     13       68
  MINIMUM         58    452 AM  MM      MM  55      3       56
  AVERAGE         73                        65      8       62

PRECIPITATION (IN)
  YESTERDAY        0.00         MM      MM   0.16  -0.16     0.86
  MONTH TO DATE    3.69                      3.17   0.52     4.50
  SINCE MAR 1      9.77                     10.11  -0.34     9.70
  SINCE JAN 1     16.27                     15.34   0.93    13.80

DEGREE DAYS
 HEATING
  YESTERDAY        0                         3     -3        3
  MONTH TO DATE   28                       138   -110      125
  SINCE MAR 1   1293                      1249     44     1002
  SINCE JUL 1   4706                      5152   -446     4009

 COOLING
  YESTERDAY        8                         3      5        0
  MONTH TO DATE  111                        39     72       57
  SINCE MAR 1    126                        54     72      115
  SINCE JAN 1    131                        54     77      116
..................................................................


WIND (MPH)
  HIGHEST WIND SPEED    17   HIGHEST WIND DIRECTION     S (180)
  HIGHEST GUST SPEED    25   HIGHEST GUST DIRECTION     S (190)
  AVERAGE WIND SPEED     8.2


SKY COVER
  POSSIBLE SUNSHINE  MM
  AVERAGE SKY COVER 0.0


WEATHER CONDITIONS
 THE FOLLOWING WEATHER WAS RECORDED YESTERDAY.
  NO SIGNIFICANT WEATHER WAS OBSERVED.


RELATIVE HUMIDITY (PERCENT)
 HIGHEST    75           500 AM
 LOWEST     36           300 PM
 AVERAGE    56

..........................................................


THE HAGERSTOWN MD CLIMATE NORMALS FOR TODAY
                         NORMAL    RECORD    YEAR
 MAXIMUM TEMPERATURE (F)   75        MM        MM
 MINIMUM TEMPERATURE (F)   55        MM        MM


SUNRISE AND SUNSET
MAY 26 2018...........SUNRISE   548 AM EDT   SUNSET   828 PM EDT
MAY 27 2018...........SUNRISE   547 AM EDT   SUNSET   829 PM EDT


-  INDICATES NEGATIVE NUMBERS.
R  INDICATES RECORD WAS SET OR TIED.
MM INDICATES DATA IS MISSING.
T  INDICATES TRACE AMOUNT.




$$
